{"id":6240,"date":"2025-01-16T18:27:58","date_gmt":"2025-01-16T21:27:58","guid":{"rendered":"https:\/\/sadenir.com.uy\/acana\/?post_type=product&#038;p=6240"},"modified":"2026-02-05T13:25:45","modified_gmt":"2026-02-05T16:25:45","slug":"acana-first-feast","status":"publish","type":"product","link":"https:\/\/sadenir.com.uy\/acana\/shop\/gatos\/gatitos\/acana-first-feast\/","title":{"rendered":"Acana First Feast"},"content":{"rendered":"<div><\/div>\n<div class=\"product-details-footer\">\n<div class=\"product-sizes\">\n<h2>Composici\u00f3n<\/h2>\n<p><a href=\"https:\/\/sadenir.com.uy\/acana\/wp-content\/uploads\/sites\/11\/2025\/01\/Screenshot-2025-02-18-180814.png\"><img fetchpriority=\"high\" decoding=\"async\" class=\"wp-image-8008 size-full alignright\" src=\"https:\/\/sadenir.com.uy\/acana\/wp-content\/uploads\/sites\/11\/2025\/01\/Screenshot-2025-02-18-180814.png\" alt=\"\" width=\"389\" height=\"579\" srcset=\"https:\/\/sadenir.com.uy\/acana\/wp-content\/uploads\/sites\/11\/2025\/01\/Screenshot-2025-02-18-180814.png 389w, https:\/\/sadenir.com.uy\/acana\/wp-content\/uploads\/sites\/11\/2025\/01\/Screenshot-2025-02-18-180814-202x300.png 202w\" sizes=\"(max-width: 389px) 100vw, 389px\" \/><\/a>Carne de pollo fresca, carne de pollo deshidratada, arenque deshidratado, avena integral, guisantes enteros, grasa de pollo, lentejas verdes enteras, carne de pavo deshidratada, garbanzos enteros, lentejas rojas enteras, arenque entero crudo, huevos frescos de corral, aceite de abadejo, fibra de lentejas, codorniz fresca, menudillos de pollo frescos (h\u00edgado, coraz\u00f3n), cart\u00edlago de pollo, alga kelp deshidratada, calabaza butternut entera fresca, calabaza entera fresca, ar\u00e1ndanos rojos enteros frescos, ar\u00e1ndanos azules enteros frescos. ADITIVOS (por kg) Aditivos tecnol\u00f3gicos: Con antioxidantes naturales. Aditivos nutricionales: Cloruro de colina, taurina. Zinc (quelato de zinc de amino\u00e1cidos hidratado), vitamina B1, vitamina B2, niacina, vitamina B5, vitamina B6, \u00e1cido f\u00f3lico, biotina, vitamina B12, vitamina A, vitamina D, vitamina E, cobre (quelato de cobre (II) de amino\u00e1cidos hidratado), L-carnitina, DL-metionina. Aditivos zoot\u00e9cnicos: Enterococcus faecium NCIMB10415: 600&#215;10^6 CFU.<\/p>\n<p>La energ\u00eda metabolizable es de 3850\u00a0kcal\/kg (439\u00a0kcal por cada 250ml\/taza de 114\u00a0g), con unas calor\u00edas bien distribuidas para mantener unas condiciones \u00f3ptimas; un 38% de prote\u00ednas, un 22% de hidratos de carbono y un 40% de grasas.<\/p>\n<p>ACANA First Feast est\u00e1 formulada para cumplir los niveles nutricionales establecidos por FEDIAF para todas las etapas de vida.<\/p>\n<p><span style=\"color: #ffffff;\">Pon en marcha la vida de tu gatito con un alimento repleto de ingredientes de calidad de origen animal. Elaborado para proporcionar todo lo que tu gatito necesita para un crecimiento y desarrollo \u00f3ptimos, ACANA\u2122 First Feast est\u00e1 repleto de pollo y arenque entero en proporciones de presa entera de carne, \u00f3rganos, huesos, que proporcionan a tu gatito todo lo que necesita para crecer sano, feliz y fuerte, y con un delicioso sabor que le encantar\u00e1.<\/span><\/p>\n<\/div>\n<\/div>\n","protected":false},"excerpt":{"rendered":"<div>\n<p data-start=\"2674\" data-end=\"3186\">Nuestros alimentos ACANA\u00ae van m\u00e1s all\u00e1 del primer ingrediente\u2122, nuestras recetas est\u00e1n especialmente dise\u00f1adas de principio a fin. Alimenta a tu gato con una dieta repleta de ingredientes de animales de gran calidad. ACANA First Feast contiene un 70%* de ingredientes de origen animal de gran calidad como pollo criado en libertad\u2020 y arenque entero, los cuales se entregan frescos o crudos** en su forma m\u00e1s nutritiva. Nunca se agrega ning\u00fan colorante, saborizante o preservante artificial en nuestras cocinas.<\/p>\n<p data-start=\"3188\" data-end=\"3699\">Nuestros ingredientes de gran calidad los obtenemos de un selecto grupo de granjeros, ganaderos y pescadores, a quienes conocemos y en quienes confiamos desde hace d\u00e9cadas. Todos los ingredientes que usamos en nuestras recetas los preparamos cumpliendo con nuestro insuperable compromiso con la seguridad y calidad en nuestra galardonada cocina en Kentucky, gracias a ello el resultado es un alimento para gato rico en prote\u00edna, nutritivo y delicioso que le ayudar\u00e1 a tu gato vivir una vida feliz y saludable.<\/p>\n<p data-start=\"2039\" data-end=\"2073\"><strong data-start=\"2039\" data-end=\"2071\">CARACTER\u00cdSTICAS Y BENEFICIOS<\/strong><\/p>\n<ol data-start=\"2074\" data-end=\"2672\">\n<li data-start=\"2074\" data-end=\"2173\">La prote\u00edna de gran calidad favorece el crecimiento y desarrollo de los huesos y los m\u00fasculos.<\/li>\n<li data-start=\"2174\" data-end=\"2353\">La taurina, el \u00e1cido eicosapentaenoico (EPA) y el \u00e1cido docosahexaenoico (DHA) son importantes para el crecimiento y el desarrollo de la retina y de las funciones cognitivas.<\/li>\n<li data-start=\"2354\" data-end=\"2454\">\u00c1cidos grasos Omega-3 y Omega-6 equilibrados para mantener una piel sana y un pelaje brillante.<\/li>\n<li data-start=\"2455\" data-end=\"2614\">Los ingredientes de origen animal provenientes de presas peque\u00f1as, as\u00ed como las inclusiones de h\u00edgado, ofrecen un sabor agradable que a los gatos encanta.<\/li>\n<li data-start=\"2615\" data-end=\"2672\">Hecho en USA con los mejores ingredientes del mundo.<\/li>\n<\/ol>\n<\/div>\n<div class=\"product-details-footer\">\n<div class=\"product-sizes\">\n<p><span class=\"title\">Tama\u00f1os disponibles: <\/span><span class=\"sizes lowercase\">340\u00a0g \/ 1,8\u00a0kg<\/span><\/p>\n<\/div>\n<\/div>\n","protected":false},"featured_media":8002,"comment_status":"open","ping_status":"closed","template":"","meta":{"pgc_sgb_lightbox_settings":""},"product_brand":[],"product_cat":[45,44],"product_tag":[],"class_list":{"0":"post-6240","1":"product","2":"type-product","3":"status-publish","4":"has-post-thumbnail","6":"product_cat-gatitos","7":"product_cat-gatos","9":"first","10":"instock","11":"shipping-taxable","12":"product-type-simple"},"yoast_head":"<!-- This site is optimized with the Yoast SEO plugin v26.1.1 - https:\/\/yoast.com\/wordpress\/plugins\/seo\/ -->\n<title>ACANA First Feast: Comida para Gatitos en Crecimiento<\/title>\n<meta name=\"description\" content=\"ACANA\u2122 First Feast es un alimento completo para gatitos, elaborado con pollo y arenque entero en proporciones de presa entera. Proporciona los nutrientes esenciales para un crecimiento sano y fuerte, con un sabor que a tu gatito le encantar\u00e1.\" \/>\n<meta name=\"robots\" content=\"index, follow, max-snippet:-1, max-image-preview:large, max-video-preview:-1\" \/>\n<link rel=\"canonical\" href=\"https:\/\/sadenir.com.uy\/acana\/shop\/gatos\/gatitos\/acana-first-feast\/\" \/>\n<meta property=\"og:locale\" content=\"es_ES\" \/>\n<meta property=\"og:type\" content=\"article\" \/>\n<meta property=\"og:title\" content=\"ACANA First Feast: Comida para Gatitos en Crecimiento\" \/>\n<meta property=\"og:description\" content=\"ACANA\u2122 First Feast es un alimento completo para gatitos, elaborado con pollo y arenque entero en proporciones de presa entera. Proporciona los nutrientes esenciales para un crecimiento sano y fuerte, con un sabor que a tu gatito le encantar\u00e1.\" \/>\n<meta property=\"og:url\" content=\"https:\/\/sadenir.com.uy\/acana\/shop\/gatos\/gatitos\/acana-first-feast\/\" \/>\n<meta property=\"og:site_name\" content=\"Acana\" \/>\n<meta property=\"article:modified_time\" content=\"2026-02-05T16:25:45+00:00\" \/>\n<meta property=\"og:image\" content=\"https:\/\/sadenir.com.uy\/acana\/wp-content\/uploads\/sites\/11\/2025\/01\/1024x1536-ACANA-FIRST-FEAT-CAT-1_8-KG_9f5ff99e-e31a-4b0d-8664-63b8049ff841_560x-1-e1739392303926.png\" \/>\n\t<meta property=\"og:image:width\" content=\"700\" \/>\n\t<meta property=\"og:image:height\" content=\"992\" \/>\n\t<meta property=\"og:image:type\" content=\"image\/png\" \/>\n<meta name=\"twitter:card\" content=\"summary_large_image\" \/>\n<meta name=\"twitter:label1\" content=\"Tiempo de lectura\" \/>\n\t<meta name=\"twitter:data1\" content=\"2 minutos\" \/>\n<script type=\"application\/ld+json\" class=\"yoast-schema-graph\">{\"@context\":\"https:\/\/schema.org\",\"@graph\":[{\"@type\":\"WebPage\",\"@id\":\"https:\/\/sadenir.com.uy\/acana\/shop\/gatos\/gatitos\/acana-first-feast\/\",\"url\":\"https:\/\/sadenir.com.uy\/acana\/shop\/gatos\/gatitos\/acana-first-feast\/\",\"name\":\"ACANA First Feast: Comida para Gatitos en Crecimiento\",\"isPartOf\":{\"@id\":\"https:\/\/sadenir.com.uy\/acana\/#website\"},\"primaryImageOfPage\":{\"@id\":\"https:\/\/sadenir.com.uy\/acana\/shop\/gatos\/gatitos\/acana-first-feast\/#primaryimage\"},\"image\":{\"@id\":\"https:\/\/sadenir.com.uy\/acana\/shop\/gatos\/gatitos\/acana-first-feast\/#primaryimage\"},\"thumbnailUrl\":\"https:\/\/sadenir.com.uy\/acana\/wp-content\/uploads\/sites\/11\/2025\/01\/1024x1536-ACANA-FIRST-FEAT-CAT-1_8-KG_9f5ff99e-e31a-4b0d-8664-63b8049ff841_560x-1-e1739392303926.png\",\"datePublished\":\"2025-01-16T21:27:58+00:00\",\"dateModified\":\"2026-02-05T16:25:45+00:00\",\"description\":\"ACANA\u2122 First Feast es un alimento completo para gatitos, elaborado con pollo y arenque entero en proporciones de presa entera. Proporciona los nutrientes esenciales para un crecimiento sano y fuerte, con un sabor que a tu gatito le encantar\u00e1.\",\"breadcrumb\":{\"@id\":\"https:\/\/sadenir.com.uy\/acana\/shop\/gatos\/gatitos\/acana-first-feast\/#breadcrumb\"},\"inLanguage\":\"es-AR\",\"potentialAction\":[{\"@type\":\"ReadAction\",\"target\":[\"https:\/\/sadenir.com.uy\/acana\/shop\/gatos\/gatitos\/acana-first-feast\/\"]}]},{\"@type\":\"ImageObject\",\"inLanguage\":\"es-AR\",\"@id\":\"https:\/\/sadenir.com.uy\/acana\/shop\/gatos\/gatitos\/acana-first-feast\/#primaryimage\",\"url\":\"https:\/\/sadenir.com.uy\/acana\/wp-content\/uploads\/sites\/11\/2025\/01\/1024x1536-ACANA-FIRST-FEAT-CAT-1_8-KG_9f5ff99e-e31a-4b0d-8664-63b8049ff841_560x-1-e1739392303926.png\",\"contentUrl\":\"https:\/\/sadenir.com.uy\/acana\/wp-content\/uploads\/sites\/11\/2025\/01\/1024x1536-ACANA-FIRST-FEAT-CAT-1_8-KG_9f5ff99e-e31a-4b0d-8664-63b8049ff841_560x-1-e1739392303926.png\",\"width\":700,\"height\":992},{\"@type\":\"BreadcrumbList\",\"@id\":\"https:\/\/sadenir.com.uy\/acana\/shop\/gatos\/gatitos\/acana-first-feast\/#breadcrumb\",\"itemListElement\":[{\"@type\":\"ListItem\",\"position\":1,\"name\":\"Inicio\",\"item\":\"https:\/\/sadenir.com.uy\/acana\/\"},{\"@type\":\"ListItem\",\"position\":2,\"name\":\"Productos\",\"item\":\"https:\/\/sadenir.com.uy\/acana\/tienda\/\"},{\"@type\":\"ListItem\",\"position\":3,\"name\":\"Acana First Feast\"}]},{\"@type\":\"WebSite\",\"@id\":\"https:\/\/sadenir.com.uy\/acana\/#website\",\"url\":\"https:\/\/sadenir.com.uy\/acana\/\",\"name\":\"Acana\",\"description\":\"\",\"potentialAction\":[{\"@type\":\"SearchAction\",\"target\":{\"@type\":\"EntryPoint\",\"urlTemplate\":\"https:\/\/sadenir.com.uy\/acana\/?s={search_term_string}\"},\"query-input\":{\"@type\":\"PropertyValueSpecification\",\"valueRequired\":true,\"valueName\":\"search_term_string\"}}],\"inLanguage\":\"es-AR\"}]}<\/script>\n<!-- \/ Yoast SEO plugin. -->","yoast_head_json":{"title":"ACANA First Feast: Comida para Gatitos en Crecimiento","description":"ACANA\u2122 First Feast es un alimento completo para gatitos, elaborado con pollo y arenque entero en proporciones de presa entera. Proporciona los nutrientes esenciales para un crecimiento sano y fuerte, con un sabor que a tu gatito le encantar\u00e1.","robots":{"index":"index","follow":"follow","max-snippet":"max-snippet:-1","max-image-preview":"max-image-preview:large","max-video-preview":"max-video-preview:-1"},"canonical":"https:\/\/sadenir.com.uy\/acana\/shop\/gatos\/gatitos\/acana-first-feast\/","og_locale":"es_ES","og_type":"article","og_title":"ACANA First Feast: Comida para Gatitos en Crecimiento","og_description":"ACANA\u2122 First Feast es un alimento completo para gatitos, elaborado con pollo y arenque entero en proporciones de presa entera. Proporciona los nutrientes esenciales para un crecimiento sano y fuerte, con un sabor que a tu gatito le encantar\u00e1.","og_url":"https:\/\/sadenir.com.uy\/acana\/shop\/gatos\/gatitos\/acana-first-feast\/","og_site_name":"Acana","article_modified_time":"2026-02-05T16:25:45+00:00","og_image":[{"width":700,"height":992,"url":"https:\/\/sadenir.com.uy\/acana\/wp-content\/uploads\/sites\/11\/2025\/01\/1024x1536-ACANA-FIRST-FEAT-CAT-1_8-KG_9f5ff99e-e31a-4b0d-8664-63b8049ff841_560x-1-e1739392303926.png","type":"image\/png"}],"twitter_card":"summary_large_image","twitter_misc":{"Tiempo de lectura":"2 minutos"},"schema":{"@context":"https:\/\/schema.org","@graph":[{"@type":"WebPage","@id":"https:\/\/sadenir.com.uy\/acana\/shop\/gatos\/gatitos\/acana-first-feast\/","url":"https:\/\/sadenir.com.uy\/acana\/shop\/gatos\/gatitos\/acana-first-feast\/","name":"ACANA First Feast: Comida para Gatitos en Crecimiento","isPartOf":{"@id":"https:\/\/sadenir.com.uy\/acana\/#website"},"primaryImageOfPage":{"@id":"https:\/\/sadenir.com.uy\/acana\/shop\/gatos\/gatitos\/acana-first-feast\/#primaryimage"},"image":{"@id":"https:\/\/sadenir.com.uy\/acana\/shop\/gatos\/gatitos\/acana-first-feast\/#primaryimage"},"thumbnailUrl":"https:\/\/sadenir.com.uy\/acana\/wp-content\/uploads\/sites\/11\/2025\/01\/1024x1536-ACANA-FIRST-FEAT-CAT-1_8-KG_9f5ff99e-e31a-4b0d-8664-63b8049ff841_560x-1-e1739392303926.png","datePublished":"2025-01-16T21:27:58+00:00","dateModified":"2026-02-05T16:25:45+00:00","description":"ACANA\u2122 First Feast es un alimento completo para gatitos, elaborado con pollo y arenque entero en proporciones de presa entera. Proporciona los nutrientes esenciales para un crecimiento sano y fuerte, con un sabor que a tu gatito le encantar\u00e1.","breadcrumb":{"@id":"https:\/\/sadenir.com.uy\/acana\/shop\/gatos\/gatitos\/acana-first-feast\/#breadcrumb"},"inLanguage":"es-AR","potentialAction":[{"@type":"ReadAction","target":["https:\/\/sadenir.com.uy\/acana\/shop\/gatos\/gatitos\/acana-first-feast\/"]}]},{"@type":"ImageObject","inLanguage":"es-AR","@id":"https:\/\/sadenir.com.uy\/acana\/shop\/gatos\/gatitos\/acana-first-feast\/#primaryimage","url":"https:\/\/sadenir.com.uy\/acana\/wp-content\/uploads\/sites\/11\/2025\/01\/1024x1536-ACANA-FIRST-FEAT-CAT-1_8-KG_9f5ff99e-e31a-4b0d-8664-63b8049ff841_560x-1-e1739392303926.png","contentUrl":"https:\/\/sadenir.com.uy\/acana\/wp-content\/uploads\/sites\/11\/2025\/01\/1024x1536-ACANA-FIRST-FEAT-CAT-1_8-KG_9f5ff99e-e31a-4b0d-8664-63b8049ff841_560x-1-e1739392303926.png","width":700,"height":992},{"@type":"BreadcrumbList","@id":"https:\/\/sadenir.com.uy\/acana\/shop\/gatos\/gatitos\/acana-first-feast\/#breadcrumb","itemListElement":[{"@type":"ListItem","position":1,"name":"Inicio","item":"https:\/\/sadenir.com.uy\/acana\/"},{"@type":"ListItem","position":2,"name":"Productos","item":"https:\/\/sadenir.com.uy\/acana\/tienda\/"},{"@type":"ListItem","position":3,"name":"Acana First Feast"}]},{"@type":"WebSite","@id":"https:\/\/sadenir.com.uy\/acana\/#website","url":"https:\/\/sadenir.com.uy\/acana\/","name":"Acana","description":"","potentialAction":[{"@type":"SearchAction","target":{"@type":"EntryPoint","urlTemplate":"https:\/\/sadenir.com.uy\/acana\/?s={search_term_string}"},"query-input":{"@type":"PropertyValueSpecification","valueRequired":true,"valueName":"search_term_string"}}],"inLanguage":"es-AR"}]}},"_links":{"self":[{"href":"https:\/\/sadenir.com.uy\/acana\/wp-json\/wp\/v2\/product\/6240","targetHints":{"allow":["GET"]}}],"collection":[{"href":"https:\/\/sadenir.com.uy\/acana\/wp-json\/wp\/v2\/product"}],"about":[{"href":"https:\/\/sadenir.com.uy\/acana\/wp-json\/wp\/v2\/types\/product"}],"replies":[{"embeddable":true,"href":"https:\/\/sadenir.com.uy\/acana\/wp-json\/wp\/v2\/comments?post=6240"}],"wp:featuredmedia":[{"embeddable":true,"href":"https:\/\/sadenir.com.uy\/acana\/wp-json\/wp\/v2\/media\/8002"}],"wp:attachment":[{"href":"https:\/\/sadenir.com.uy\/acana\/wp-json\/wp\/v2\/media?parent=6240"}],"wp:term":[{"taxonomy":"product_brand","embeddable":true,"href":"https:\/\/sadenir.com.uy\/acana\/wp-json\/wp\/v2\/product_brand?post=6240"},{"taxonomy":"product_cat","embeddable":true,"href":"https:\/\/sadenir.com.uy\/acana\/wp-json\/wp\/v2\/product_cat?post=6240"},{"taxonomy":"product_tag","embeddable":true,"href":"https:\/\/sadenir.com.uy\/acana\/wp-json\/wp\/v2\/product_tag?post=6240"}],"curies":[{"name":"wp","href":"https:\/\/api.w.org\/{rel}","templated":true}]}}