{"id":5895,"date":"2020-08-15T23:42:25","date_gmt":"2020-08-15T23:42:25","guid":{"rendered":"https:\/\/www.andresdicamillo.com\/sadenir\/equilibrio\/?post_type=product&#038;p=5895"},"modified":"2025-04-28T14:17:09","modified_gmt":"2025-04-28T14:17:09","slug":"equilibrio-veterinary-cat-urinary","status":"publish","type":"product","link":"https:\/\/sadenir.com.uy\/equilibrio\/shop\/veterinary\/equilibrio-veterinary-cat-urinary\/","title":{"rendered":"Veterinary Gatos Urinary"},"content":{"rendered":"<p><strong>PERIODO DE ADMINISTRACION<\/strong><\/p>\n<p>Se recomienda el uso hasta la disoluci\u00f3n de los c\u00e1lculos de estruvita y\/o por hasta lo m\u00e1ximo seis meses para la prevenci\u00f3n de recidivas. El tama\u00f1o del<br \/>\nc\u00e1lculo puede influenciar en el tiempo de tratamiento diet\u00e9tico. Per\u00edodos arriba del recomendado requieren el monitoramiento del estado \u00e1cido b\u00e1sico del<br \/>\npaciente y necesitan ser preconizados por el m\u00e9dico veterinario.<\/p>\n<p><strong>NIVELES DE GARANTIA<\/strong><\/p>\n<p>Humedad (m\u00e1x.) 10%, Prote\u00edna Bruta (m\u00edn.) 33%, Prote\u00edna Bruta (m\u00e1x.) 36%, Extracto Et\u00e9reo (m\u00edn.) 13%, Materia Fibrosa (m\u00e1x.) 3,7%, Materia Mineral (m\u00e1x.) 8,6%, Calcio (m\u00e1x.) 0,98%, Calcio (m\u00edn.) 0,64%, F\u00f3sforo (m\u00edn.) 0,55%, F\u00f3sforo (m\u00e1x.) 1%, Potasio (m\u00edn.) 0,7%, Magnesio (m\u00edn.) 0,04%, Magnesio (m\u00e1x.) 0,1%, Sodio (m\u00edn.) 0,22%, Sodio (m\u00e1x.) 0,4%, DL-metionina (m\u00edn.) 0,95%, Taurina (m\u00edn.) 0,2%, Inulina (m\u00edn.) 0,55%, Enterococcus faecium (m\u00edn.) 4,0x107ufc\/Kg, Lactobacillus casei (m\u00edn.) 4,0x107ufc\/kg, Bifidobacterium bifidum (m\u00edn.) 2,0x107ufc\/kg, Lactobacillus acidophilus (m\u00edn.) 5,0x107ufc\/kg, Lactobacillus lactis (m\u00edn.) 3,0x107ufc\/kg, Bacillus subtilis (m\u00edn.) 2,0x107ufc\/kg. Energ\u00eda Metabolizable: 3.803 kcal\/kg.<\/p>\n<p><strong>COMPOSICION BASICA<\/strong><\/p>\n<p>Harina de v\u00edsceras de pollo, arroz quebrado, ma\u00edz integral molido, salvado de gluten de ma\u00edz -60, harina de pescado, prote\u00edna aislada de soja, h\u00edgado de pollo, grasa de pollo, aceite de pescado refinado, semilla de linaza, levadura seca de cerveza, pulpa de remolacha, aditivo probi\u00f3tico (1%), mannanoligossacar\u00eddeos, inulina, cloruro de sodio (sal com\u00fan), cloruro de potasio, citrato de potasio, cloruro de colina, extracto de yucca schidigera, aditivo antioxidante (tocoferol y esencia de alecr\u00edn), DL-metionina, taurina, \u00e1cido f\u00f3lico, \u00e1cido pantot\u00e9nico, beta caroteno, vitamina A, vitamina B12, vitamina B1, vitamina B2, vitamina B6, vitamina D, vitamina H, vitamina K, vitamina PP, vitamina E, vitamina C, cobre quelado, hierro quelado, manganeso quelado, levadura enriquecida con selenio, zinc quelado, yodato de calcio.<\/p>\n<p><strong>CONSIDERACIONES CLINICAS<\/strong><\/p>\n<p>Debido a su origen des\u00e9rtico los gatos poseen alta capacidad de adaptaci\u00f3n en largos per\u00edodos de falta de agua, resultando en una mayor habilidad en concentrar orina en relaci\u00f3n a otras especies tales como el perro y el hombre. Esa alta capacidad del gato en concentrar orina es un factor que lo predispone al desarrollo de urolit\u00edasis. La enfermedad del trato urinario inferior de los felinos (DTUIF) tiene como factor causador principal la urolit\u00edasis por estruvita (fosfato amonio magnesiano), el tipo m\u00e1s com\u00fan de urolito. Altas concentraciones de soluto, levando a una supersaturaci\u00f3n de la orina y disminuci\u00f3n de la frecuencia de micci\u00f3n puede favorecer la formaci\u00f3n de c\u00e1lculos. Bajos niveles de magnesio y f\u00f3sforo ayudan en el control del sistema SAP (Struvite activity products), por minimizar las concentraciones de estos componentes estructurales de estruvita. Como el agua ingerida puede variar considerablemente dependiendo de las condiciones y del tipo de dieta, en tenores adecuados, ese mineral puede contribuir para aumentar el grado de consumo de agua y subsecuente producci\u00f3n de orina. Para la prevenci\u00f3n del aparecimiento de urolitos de estruvita, el recurso m\u00e1s eficiente se basa en la alteraci\u00f3n del pH urinario a trav\u00e9s de la dieta. Por el hecho de que los c\u00e1lculos de estruvita se desarrollan en pH urinario alcalino, se recomienda la reducci\u00f3n del mismo una vez que la orina \u00e1cida es responsable por aumentar la solubilidad de la estruvita, siendo tambi\u00e9n esencial en la disoluci\u00f3n del urolito. El grado de acidificaci\u00f3n urinaria es determinado por las prote\u00ednas presentes en el alimento y de acidificantes urinarios, utilizados con moderaci\u00f3n. El alimento Equilibrio Veterinary Urinary Gatos \u2013 UR posee componentes para auxiliar en la prevenci\u00f3n y en la disoluci\u00f3n de los cristales de estruvita y atingir el intervalo de pH urinario de 6,0 a 6,4. El agua es el principal nutriente para prevenir recidivas de formaci\u00f3n de los urolitos. Aumentar la ingesti\u00f3n de agua significa disminuir la concentraci\u00f3n urinaria. La subsaturaci\u00f3n es conseguida por la reducci\u00f3n en la cuantidad de precursores de urolitos en la dieta como disminuci\u00f3n de la concentraci\u00f3n de los minerales magnesio y fosfato, y reducci\u00f3n de prote\u00edna mediante aumento del volumen urinario y\/o disminuci\u00f3n de su excreci\u00f3n. El manejo nutricional espec\u00edfico, que favorezca la disoluci\u00f3n de los c\u00e1lculos de estruvita y a su prevenci\u00f3n es imperativo para disminuir los riesgos de desarrollo de las enfermedades.<\/p>\n<p><strong>MODO DE USO<\/strong><\/p>\n<p>Es de gran importancia para el \u00e9xito en el tratamiento que el diagn\u00f3stico del tipo de c\u00e1lculo sea definido correctamente y que el animal no reciba otros tipos de alimentos, caseros o industrializados. \u2013 Siempre utilice ese producto con criterio, no excluyendo la terapia farmacol\u00f3gica. \u2013 Durante el tratamiento con el producto es aconsejable el acompa\u00f1amiento de la condici\u00f3n cl\u00ednica del paciente por el m\u00e9dico veterinario<\/p>\n","protected":false},"excerpt":{"rendered":"<p>&nbsp;<\/p>\n<p><strong>INDICACION<\/strong><\/p>\n<p>\u2013 Enfermedad del trato urinario inferior de los felinos (DTUIF);<br \/>\n\u2013 Disoluci\u00f3n de c\u00e1lculos de estruvita;<br \/>\n\u2013 Auxilia en la prevenci\u00f3n de formaci\u00f3n de c\u00e1lculos de estruvita.<\/p>\n<p><strong>CONTRAINDICACION<\/strong><\/p>\n<p>\u2013 Gatitos, gatas pre\u00f1adas y lactantes;<br \/>\n\u2013 Hipertensi\u00f3n;<br \/>\n\u2013 Hiperlipidemia;<br \/>\n\u2013 Pancreatitis;<br \/>\n\u2013 Enfermedad renal y card\u00edaca.<\/p>\n","protected":false},"featured_media":7564,"template":"","meta":{"pgc_sgb_lightbox_settings":""},"product_brand":[],"product_cat":[45],"product_tag":[],"class_list":{"0":"post-5895","1":"product","2":"type-product","3":"status-publish","4":"has-post-thumbnail","6":"product_cat-veterinary","8":"first","9":"instock","10":"shipping-taxable","11":"product-type-simple"},"yoast_head":"<!-- This site is optimized with the Yoast SEO plugin v26.1.1 - https:\/\/yoast.com\/wordpress\/plugins\/seo\/ -->\n<title>Veterinary Gatos Urinary - Equilibrio<\/title>\n<meta name=\"robots\" content=\"index, follow, max-snippet:-1, max-image-preview:large, max-video-preview:-1\" \/>\n<link rel=\"canonical\" href=\"https:\/\/sadenir.com.uy\/equilibrio\/shop\/veterinary\/equilibrio-veterinary-cat-urinary\/\" \/>\n<meta property=\"og:locale\" content=\"es_ES\" \/>\n<meta property=\"og:type\" content=\"article\" \/>\n<meta property=\"og:title\" content=\"Veterinary Gatos Urinary - Equilibrio\" \/>\n<meta property=\"og:description\" content=\"&nbsp;  INDICACION  \u2013 Enfermedad del trato urinario inferior de los felinos (DTUIF); \u2013 Disoluci\u00f3n de c\u00e1lculos de estruvita; \u2013 Auxilia en la prevenci\u00f3n de formaci\u00f3n de c\u00e1lculos de estruvita.  CONTRAINDICACION  \u2013 Gatitos, gatas pre\u00f1adas y lactantes; \u2013 Hipertensi\u00f3n; \u2013 Hiperlipidemia; \u2013 Pancreatitis; \u2013 Enfermedad renal y card\u00edaca.\" \/>\n<meta property=\"og:url\" content=\"https:\/\/sadenir.com.uy\/equilibrio\/shop\/veterinary\/equilibrio-veterinary-cat-urinary\/\" \/>\n<meta property=\"og:site_name\" content=\"Equilibrio\" \/>\n<meta property=\"article:publisher\" content=\"https:\/\/www.facebook.com\/equilibriouruguay\" \/>\n<meta property=\"article:modified_time\" content=\"2025-04-28T14:17:09+00:00\" \/>\n<meta property=\"og:image\" content=\"https:\/\/sadenir.com.uy\/equilibrio\/wp-content\/uploads\/sites\/2\/2020\/08\/urinary-gatos.png\" \/>\n\t<meta property=\"og:image:width\" content=\"2362\" \/>\n\t<meta property=\"og:image:height\" content=\"2963\" \/>\n\t<meta property=\"og:image:type\" content=\"image\/png\" \/>\n<meta name=\"twitter:card\" content=\"summary_large_image\" \/>\n<meta name=\"twitter:label1\" content=\"Tiempo de lectura\" \/>\n\t<meta name=\"twitter:data1\" content=\"4 minutos\" \/>\n<script type=\"application\/ld+json\" class=\"yoast-schema-graph\">{\"@context\":\"https:\/\/schema.org\",\"@graph\":[{\"@type\":\"WebPage\",\"@id\":\"https:\/\/sadenir.com.uy\/equilibrio\/shop\/veterinary\/equilibrio-veterinary-cat-urinary\/\",\"url\":\"https:\/\/sadenir.com.uy\/equilibrio\/shop\/veterinary\/equilibrio-veterinary-cat-urinary\/\",\"name\":\"Veterinary Gatos Urinary - Equilibrio\",\"isPartOf\":{\"@id\":\"https:\/\/sadenir.com.uy\/equilibrio\/#website\"},\"primaryImageOfPage\":{\"@id\":\"https:\/\/sadenir.com.uy\/equilibrio\/shop\/veterinary\/equilibrio-veterinary-cat-urinary\/#primaryimage\"},\"image\":{\"@id\":\"https:\/\/sadenir.com.uy\/equilibrio\/shop\/veterinary\/equilibrio-veterinary-cat-urinary\/#primaryimage\"},\"thumbnailUrl\":\"https:\/\/sadenir.com.uy\/equilibrio\/wp-content\/uploads\/sites\/2\/2020\/08\/urinary-gatos.png\",\"datePublished\":\"2020-08-15T23:42:25+00:00\",\"dateModified\":\"2025-04-28T14:17:09+00:00\",\"breadcrumb\":{\"@id\":\"https:\/\/sadenir.com.uy\/equilibrio\/shop\/veterinary\/equilibrio-veterinary-cat-urinary\/#breadcrumb\"},\"inLanguage\":\"es-AR\",\"potentialAction\":[{\"@type\":\"ReadAction\",\"target\":[\"https:\/\/sadenir.com.uy\/equilibrio\/shop\/veterinary\/equilibrio-veterinary-cat-urinary\/\"]}]},{\"@type\":\"ImageObject\",\"inLanguage\":\"es-AR\",\"@id\":\"https:\/\/sadenir.com.uy\/equilibrio\/shop\/veterinary\/equilibrio-veterinary-cat-urinary\/#primaryimage\",\"url\":\"https:\/\/sadenir.com.uy\/equilibrio\/wp-content\/uploads\/sites\/2\/2020\/08\/urinary-gatos.png\",\"contentUrl\":\"https:\/\/sadenir.com.uy\/equilibrio\/wp-content\/uploads\/sites\/2\/2020\/08\/urinary-gatos.png\",\"width\":2362,\"height\":2963},{\"@type\":\"BreadcrumbList\",\"@id\":\"https:\/\/sadenir.com.uy\/equilibrio\/shop\/veterinary\/equilibrio-veterinary-cat-urinary\/#breadcrumb\",\"itemListElement\":[{\"@type\":\"ListItem\",\"position\":1,\"name\":\"Inicio\",\"item\":\"https:\/\/sadenir.com.uy\/equilibrio\/\"},{\"@type\":\"ListItem\",\"position\":2,\"name\":\"Productos\",\"item\":\"https:\/\/sadenir.com.uy\/equilibrio\/productos\/\"},{\"@type\":\"ListItem\",\"position\":3,\"name\":\"Veterinary Gatos Urinary\"}]},{\"@type\":\"WebSite\",\"@id\":\"https:\/\/sadenir.com.uy\/equilibrio\/#website\",\"url\":\"https:\/\/sadenir.com.uy\/equilibrio\/\",\"name\":\"Equilibrio\",\"description\":\"Excelencia en nutrici\u00f3n\",\"publisher\":{\"@id\":\"https:\/\/sadenir.com.uy\/equilibrio\/#organization\"},\"potentialAction\":[{\"@type\":\"SearchAction\",\"target\":{\"@type\":\"EntryPoint\",\"urlTemplate\":\"https:\/\/sadenir.com.uy\/equilibrio\/?s={search_term_string}\"},\"query-input\":{\"@type\":\"PropertyValueSpecification\",\"valueRequired\":true,\"valueName\":\"search_term_string\"}}],\"inLanguage\":\"es-AR\"},{\"@type\":\"Organization\",\"@id\":\"https:\/\/sadenir.com.uy\/equilibrio\/#organization\",\"name\":\"Equilibrio\",\"url\":\"https:\/\/sadenir.com.uy\/equilibrio\/\",\"logo\":{\"@type\":\"ImageObject\",\"inLanguage\":\"es-AR\",\"@id\":\"https:\/\/sadenir.com.uy\/equilibrio\/#\/schema\/logo\/image\/\",\"url\":\"https:\/\/sadenir.com.uy\/equilibrio\/wp-content\/uploads\/sites\/2\/2024\/04\/LOGO-EQUILIBRIO.png\",\"contentUrl\":\"https:\/\/sadenir.com.uy\/equilibrio\/wp-content\/uploads\/sites\/2\/2024\/04\/LOGO-EQUILIBRIO.png\",\"width\":1592,\"height\":725,\"caption\":\"Equilibrio\"},\"image\":{\"@id\":\"https:\/\/sadenir.com.uy\/equilibrio\/#\/schema\/logo\/image\/\"},\"sameAs\":[\"https:\/\/www.facebook.com\/equilibriouruguay\",\"https:\/\/www.instagram.com\/equilibrio.uy\/\"]}]}<\/script>\n<!-- \/ Yoast SEO plugin. -->","yoast_head_json":{"title":"Veterinary Gatos Urinary - Equilibrio","robots":{"index":"index","follow":"follow","max-snippet":"max-snippet:-1","max-image-preview":"max-image-preview:large","max-video-preview":"max-video-preview:-1"},"canonical":"https:\/\/sadenir.com.uy\/equilibrio\/shop\/veterinary\/equilibrio-veterinary-cat-urinary\/","og_locale":"es_ES","og_type":"article","og_title":"Veterinary Gatos Urinary - Equilibrio","og_description":"&nbsp;  INDICACION  \u2013 Enfermedad del trato urinario inferior de los felinos (DTUIF); \u2013 Disoluci\u00f3n de c\u00e1lculos de estruvita; \u2013 Auxilia en la prevenci\u00f3n de formaci\u00f3n de c\u00e1lculos de estruvita.  CONTRAINDICACION  \u2013 Gatitos, gatas pre\u00f1adas y lactantes; \u2013 Hipertensi\u00f3n; \u2013 Hiperlipidemia; \u2013 Pancreatitis; \u2013 Enfermedad renal y card\u00edaca.","og_url":"https:\/\/sadenir.com.uy\/equilibrio\/shop\/veterinary\/equilibrio-veterinary-cat-urinary\/","og_site_name":"Equilibrio","article_publisher":"https:\/\/www.facebook.com\/equilibriouruguay","article_modified_time":"2025-04-28T14:17:09+00:00","og_image":[{"width":2362,"height":2963,"url":"https:\/\/sadenir.com.uy\/equilibrio\/wp-content\/uploads\/sites\/2\/2020\/08\/urinary-gatos.png","type":"image\/png"}],"twitter_card":"summary_large_image","twitter_misc":{"Tiempo de lectura":"4 minutos"},"schema":{"@context":"https:\/\/schema.org","@graph":[{"@type":"WebPage","@id":"https:\/\/sadenir.com.uy\/equilibrio\/shop\/veterinary\/equilibrio-veterinary-cat-urinary\/","url":"https:\/\/sadenir.com.uy\/equilibrio\/shop\/veterinary\/equilibrio-veterinary-cat-urinary\/","name":"Veterinary Gatos Urinary - Equilibrio","isPartOf":{"@id":"https:\/\/sadenir.com.uy\/equilibrio\/#website"},"primaryImageOfPage":{"@id":"https:\/\/sadenir.com.uy\/equilibrio\/shop\/veterinary\/equilibrio-veterinary-cat-urinary\/#primaryimage"},"image":{"@id":"https:\/\/sadenir.com.uy\/equilibrio\/shop\/veterinary\/equilibrio-veterinary-cat-urinary\/#primaryimage"},"thumbnailUrl":"https:\/\/sadenir.com.uy\/equilibrio\/wp-content\/uploads\/sites\/2\/2020\/08\/urinary-gatos.png","datePublished":"2020-08-15T23:42:25+00:00","dateModified":"2025-04-28T14:17:09+00:00","breadcrumb":{"@id":"https:\/\/sadenir.com.uy\/equilibrio\/shop\/veterinary\/equilibrio-veterinary-cat-urinary\/#breadcrumb"},"inLanguage":"es-AR","potentialAction":[{"@type":"ReadAction","target":["https:\/\/sadenir.com.uy\/equilibrio\/shop\/veterinary\/equilibrio-veterinary-cat-urinary\/"]}]},{"@type":"ImageObject","inLanguage":"es-AR","@id":"https:\/\/sadenir.com.uy\/equilibrio\/shop\/veterinary\/equilibrio-veterinary-cat-urinary\/#primaryimage","url":"https:\/\/sadenir.com.uy\/equilibrio\/wp-content\/uploads\/sites\/2\/2020\/08\/urinary-gatos.png","contentUrl":"https:\/\/sadenir.com.uy\/equilibrio\/wp-content\/uploads\/sites\/2\/2020\/08\/urinary-gatos.png","width":2362,"height":2963},{"@type":"BreadcrumbList","@id":"https:\/\/sadenir.com.uy\/equilibrio\/shop\/veterinary\/equilibrio-veterinary-cat-urinary\/#breadcrumb","itemListElement":[{"@type":"ListItem","position":1,"name":"Inicio","item":"https:\/\/sadenir.com.uy\/equilibrio\/"},{"@type":"ListItem","position":2,"name":"Productos","item":"https:\/\/sadenir.com.uy\/equilibrio\/productos\/"},{"@type":"ListItem","position":3,"name":"Veterinary Gatos Urinary"}]},{"@type":"WebSite","@id":"https:\/\/sadenir.com.uy\/equilibrio\/#website","url":"https:\/\/sadenir.com.uy\/equilibrio\/","name":"Equilibrio","description":"Excelencia en nutrici\u00f3n","publisher":{"@id":"https:\/\/sadenir.com.uy\/equilibrio\/#organization"},"potentialAction":[{"@type":"SearchAction","target":{"@type":"EntryPoint","urlTemplate":"https:\/\/sadenir.com.uy\/equilibrio\/?s={search_term_string}"},"query-input":{"@type":"PropertyValueSpecification","valueRequired":true,"valueName":"search_term_string"}}],"inLanguage":"es-AR"},{"@type":"Organization","@id":"https:\/\/sadenir.com.uy\/equilibrio\/#organization","name":"Equilibrio","url":"https:\/\/sadenir.com.uy\/equilibrio\/","logo":{"@type":"ImageObject","inLanguage":"es-AR","@id":"https:\/\/sadenir.com.uy\/equilibrio\/#\/schema\/logo\/image\/","url":"https:\/\/sadenir.com.uy\/equilibrio\/wp-content\/uploads\/sites\/2\/2024\/04\/LOGO-EQUILIBRIO.png","contentUrl":"https:\/\/sadenir.com.uy\/equilibrio\/wp-content\/uploads\/sites\/2\/2024\/04\/LOGO-EQUILIBRIO.png","width":1592,"height":725,"caption":"Equilibrio"},"image":{"@id":"https:\/\/sadenir.com.uy\/equilibrio\/#\/schema\/logo\/image\/"},"sameAs":["https:\/\/www.facebook.com\/equilibriouruguay","https:\/\/www.instagram.com\/equilibrio.uy\/"]}]}},"_links":{"self":[{"href":"https:\/\/sadenir.com.uy\/equilibrio\/wp-json\/wp\/v2\/product\/5895","targetHints":{"allow":["GET"]}}],"collection":[{"href":"https:\/\/sadenir.com.uy\/equilibrio\/wp-json\/wp\/v2\/product"}],"about":[{"href":"https:\/\/sadenir.com.uy\/equilibrio\/wp-json\/wp\/v2\/types\/product"}],"wp:featuredmedia":[{"embeddable":true,"href":"https:\/\/sadenir.com.uy\/equilibrio\/wp-json\/wp\/v2\/media\/7564"}],"wp:attachment":[{"href":"https:\/\/sadenir.com.uy\/equilibrio\/wp-json\/wp\/v2\/media?parent=5895"}],"wp:term":[{"taxonomy":"product_brand","embeddable":true,"href":"https:\/\/sadenir.com.uy\/equilibrio\/wp-json\/wp\/v2\/product_brand?post=5895"},{"taxonomy":"product_cat","embeddable":true,"href":"https:\/\/sadenir.com.uy\/equilibrio\/wp-json\/wp\/v2\/product_cat?post=5895"},{"taxonomy":"product_tag","embeddable":true,"href":"https:\/\/sadenir.com.uy\/equilibrio\/wp-json\/wp\/v2\/product_tag?post=5895"}],"curies":[{"name":"wp","href":"https:\/\/api.w.org\/{rel}","templated":true}]}}