{"id":8161,"date":"2025-04-27T21:53:26","date_gmt":"2025-04-27T21:53:26","guid":{"rendered":"https:\/\/sadenir.com.uy\/equilibrio\/?post_type=product&#038;p=8161"},"modified":"2025-04-30T14:52:15","modified_gmt":"2025-04-30T14:52:15","slug":"adultos-castrados-pollo","status":"publish","type":"product","link":"https:\/\/sadenir.com.uy\/equilibrio\/shop\/gatos\/adultos-gatos\/adultos-castrados-pollo\/","title":{"rendered":"Adultos Castrados Pollo"},"content":{"rendered":"<h4 class=\"\" data-start=\"102\" data-end=\"131\"><strong data-start=\"107\" data-end=\"129\">Composici\u00f3n B\u00e1sica<\/strong><\/h4>\n<p class=\"\" data-start=\"132\" data-end=\"875\">Carne mec\u00e1nicamente separada de aves, harina de v\u00edsceras de aves, harina de salm\u00f3n, aceite de aves, aceite de pescado refinado blanqueado y desodorizado, grano de ma\u00edz, salvado de gluten de ma\u00edz 60, pulpa de remolacha, salvado de soja, arroz quebrado, fibra de ca\u00f1a de az\u00facar, levadura de cerveza inactivada deshidratada, ar\u00e1ndano (cranberry), cloruro de sodio, hexametafosfato de sodio, cloruro de potasio, bisulfato de sodio, extracto de yuca, L-lisina HCl, DL-metionina, taurina, L-carnitina, aditivo prebi\u00f3tico (pared celular de levadura &#8211; fuente de manano-oligosac\u00e1ridos), aditivo probi\u00f3tico, hidrolizado de h\u00edgado de aves, extracto de romero, concentrado de tocoferoles, \u00e1cido propi\u00f3nico, cloruro de colina, premezcla vitam\u00ednica mineral.<\/p>\n<h4 class=\"\" data-start=\"877\" data-end=\"908\"><strong data-start=\"882\" data-end=\"906\">An\u00e1lisis Nutricional<\/strong><\/h4>\n<p><img fetchpriority=\"high\" decoding=\"async\" class=\"alignright wp-image-8165 size-full\" src=\"https:\/\/sadenir.com.uy\/equilibrio\/wp-content\/uploads\/sites\/2\/2025\/03\/Screenshot-2025-03-31-143451.png\" alt=\"\" width=\"741\" height=\"461\" srcset=\"https:\/\/sadenir.com.uy\/equilibrio\/wp-content\/uploads\/sites\/2\/2025\/03\/Screenshot-2025-03-31-143451.png 741w, https:\/\/sadenir.com.uy\/equilibrio\/wp-content\/uploads\/sites\/2\/2025\/03\/Screenshot-2025-03-31-143451-300x187.png 300w\" sizes=\"(max-width: 741px) 100vw, 741px\" \/><\/p>\n<p>&nbsp;<\/p>\n<p class=\"\" data-start=\"909\" data-end=\"1102\">Humedad (m\u00e1x) 10 %, prote\u00edna cruda (m\u00edn) 40 %, grasa cruda (m\u00edn) 12 %, fibra cruda (m\u00e1x) 5,5 %, cenizas (m\u00e1x) 8,5 %, calcio (m\u00e1x) 1,4 %, f\u00f3sforo (m\u00edn) 0,8 %, energ\u00eda metabolizable 3769 kcal\/kg.<\/p>\n<h4 class=\"\" data-start=\"1104\" data-end=\"1144\"><strong data-start=\"1109\" data-end=\"1142\">Enriquecimiento por Kilogramo<\/strong><\/h4>\n<p>Vitamina A 25000 U.I., vitamina D3 2500 U.I., vitamina E 675 U.I., vitamina K3 1,9 mg, vitamina B1 39 mg, vitamina B2 39 mg, vitamina B3 123 mg, vitamina B5 48 mg, vitamina B6 24 mg, vitamina B9 11 mg, vitamina B7 0,9 mg, vitamina B12 300 mcg, vitamina C 250 mg, colina 2400 mg, hierro 100 mg, cobre 35 mg, manganeso 50 mg, zinc 210 mg, yodo 4 mg, selenio 0,45 mg, sodio 4 g, potasio 7 g, manano-oligosac\u00e1ridos 240 mg, \u00e1cido linol\u00e9nico 2700 mg, \u00e1cido linoleico 17 g, lisina 13,50 g, metionina 8000 mg, taurina 1500 mg, carnitina 150 mg, fibra diet\u00e9tica total 135 g, probi\u00f3tico 1000 mg.<\/p>\n<h4 class=\"\" data-start=\"1732\" data-end=\"1762\"><strong data-start=\"1737\" data-end=\"1760\">Posibles Sustitutos<\/strong><\/h4>\n<p class=\"\" data-start=\"1763\" data-end=\"1947\">Carne de aves, carne deshidratada de aves, aceite de pescados, \u00e1cido c\u00edtrico, cloruro de amonio, sulfato de amonio, propionato de calcio, propionato de amonio, hidrolizado de pescados.<\/p>\n<p>&nbsp;<\/p>\n","protected":false},"excerpt":{"rendered":"<p class=\"\" data-start=\"683\" data-end=\"1174\"><strong data-start=\"683\" data-end=\"731\">Equilibrio Gatos Adultos Castrados con Pollo<\/strong> es un alimento premium especialmente desarrollado para gatos esterilizados. Su f\u00f3rmula contribuye al <strong data-start=\"833\" data-end=\"862\">control del peso corporal<\/strong>, gracias a una combinaci\u00f3n balanceada de nutrientes y <strong data-start=\"917\" data-end=\"932\">L-carnitina<\/strong>. Favorece un <strong data-start=\"946\" data-end=\"974\">trato urinario saludable<\/strong>, ayudando a prevenir la formaci\u00f3n de c\u00e1lculos. Incluye una <strong data-start=\"1034\" data-end=\"1098\">mezcla exclusiva de fibra natural, prebi\u00f3ticos y probi\u00f3ticos<\/strong>, que promueve el equilibrio de la flora intestinal y mejora la digesti\u00f3n.<\/p>\n<p class=\"\" data-start=\"1176\" data-end=\"1328\">El tama\u00f1o real del grano es de <strong data-start=\"1207\" data-end=\"1218\">11,5 mm<\/strong>, ideal para gatos adultos castrados. Ayuda a mantener una condici\u00f3n corporal \u00f3ptima y una vida m\u00e1s saludable.<\/p>\n<p class=\"\" data-start=\"1330\" data-end=\"1443\"><strong data-start=\"1333\" data-end=\"1351\">Presentaciones<\/strong>: 500 g, 1,5 kg y 7,5 kg<br data-start=\"1375\" data-end=\"1378\" \/><strong data-start=\"1381\" data-end=\"1395\">Indicaci\u00f3n<\/strong>: Alimento completo para gatos adultos castrados<\/p>\n","protected":false},"featured_media":8147,"template":"","meta":{"pgc_sgb_lightbox_settings":""},"product_brand":[],"product_cat":[66,113,44],"product_tag":[],"class_list":{"0":"post-8161","1":"product","2":"type-product","3":"status-publish","4":"has-post-thumbnail","6":"product_cat-adultos-gatos","7":"product_cat-castrados","8":"product_cat-gatos","10":"first","11":"instock","12":"shipping-taxable","13":"product-type-simple"},"yoast_head":"<!-- This site is optimized with the Yoast SEO plugin v26.1.1 - https:\/\/yoast.com\/wordpress\/plugins\/seo\/ -->\n<title>Adultos Castrados Pollo - Equilibrio<\/title>\n<meta name=\"description\" content=\"Equilibrio Gatos Castrados con Pollo ayuda a controlar el peso y cuida la salud urinaria y digestiva. Con L-carnitina, antioxidantes, prebi\u00f3ticos y probi\u00f3ticos. Presentaciones de 500g, 1.5kg y 7.5kg.\" \/>\n<meta name=\"robots\" content=\"index, follow, max-snippet:-1, max-image-preview:large, max-video-preview:-1\" \/>\n<link rel=\"canonical\" href=\"https:\/\/sadenir.com.uy\/equilibrio\/shop\/gatos\/adultos-gatos\/adultos-castrados-pollo\/\" \/>\n<meta property=\"og:locale\" content=\"es_ES\" \/>\n<meta property=\"og:type\" content=\"article\" \/>\n<meta property=\"og:title\" content=\"Adultos Castrados Pollo - Equilibrio\" \/>\n<meta property=\"og:description\" content=\"Equilibrio Gatos Castrados con Pollo ayuda a controlar el peso y cuida la salud urinaria y digestiva. Con L-carnitina, antioxidantes, prebi\u00f3ticos y probi\u00f3ticos. Presentaciones de 500g, 1.5kg y 7.5kg.\" \/>\n<meta property=\"og:url\" content=\"https:\/\/sadenir.com.uy\/equilibrio\/shop\/gatos\/adultos-gatos\/adultos-castrados-pollo\/\" \/>\n<meta property=\"og:site_name\" content=\"Equilibrio\" \/>\n<meta property=\"article:publisher\" content=\"https:\/\/www.facebook.com\/equilibriouruguay\" \/>\n<meta property=\"article:modified_time\" content=\"2025-04-30T14:52:15+00:00\" \/>\n<meta property=\"og:image\" content=\"https:\/\/sadenir.com.uy\/equilibrio\/wp-content\/uploads\/sites\/2\/2025\/03\/EQUILIBRIO-GATOS-AD-CASTRADOS-FRANGO-8022-ESQUERDA.png\" \/>\n\t<meta property=\"og:image:width\" content=\"1100\" \/>\n\t<meta property=\"og:image:height\" content=\"1250\" \/>\n\t<meta property=\"og:image:type\" content=\"image\/png\" \/>\n<meta name=\"twitter:card\" content=\"summary_large_image\" \/>\n<meta name=\"twitter:label1\" content=\"Tiempo de lectura\" \/>\n\t<meta name=\"twitter:data1\" content=\"2 minutos\" \/>\n<script type=\"application\/ld+json\" class=\"yoast-schema-graph\">{\"@context\":\"https:\/\/schema.org\",\"@graph\":[{\"@type\":\"WebPage\",\"@id\":\"https:\/\/sadenir.com.uy\/equilibrio\/shop\/gatos\/adultos-gatos\/adultos-castrados-pollo\/\",\"url\":\"https:\/\/sadenir.com.uy\/equilibrio\/shop\/gatos\/adultos-gatos\/adultos-castrados-pollo\/\",\"name\":\"Adultos Castrados Pollo - Equilibrio\",\"isPartOf\":{\"@id\":\"https:\/\/sadenir.com.uy\/equilibrio\/#website\"},\"primaryImageOfPage\":{\"@id\":\"https:\/\/sadenir.com.uy\/equilibrio\/shop\/gatos\/adultos-gatos\/adultos-castrados-pollo\/#primaryimage\"},\"image\":{\"@id\":\"https:\/\/sadenir.com.uy\/equilibrio\/shop\/gatos\/adultos-gatos\/adultos-castrados-pollo\/#primaryimage\"},\"thumbnailUrl\":\"https:\/\/sadenir.com.uy\/equilibrio\/wp-content\/uploads\/sites\/2\/2025\/03\/EQUILIBRIO-GATOS-AD-CASTRADOS-FRANGO-8022-ESQUERDA.png\",\"datePublished\":\"2025-04-27T21:53:26+00:00\",\"dateModified\":\"2025-04-30T14:52:15+00:00\",\"description\":\"Equilibrio Gatos Castrados con Pollo ayuda a controlar el peso y cuida la salud urinaria y digestiva. Con L-carnitina, antioxidantes, prebi\u00f3ticos y probi\u00f3ticos. Presentaciones de 500g, 1.5kg y 7.5kg.\",\"breadcrumb\":{\"@id\":\"https:\/\/sadenir.com.uy\/equilibrio\/shop\/gatos\/adultos-gatos\/adultos-castrados-pollo\/#breadcrumb\"},\"inLanguage\":\"es-AR\",\"potentialAction\":[{\"@type\":\"ReadAction\",\"target\":[\"https:\/\/sadenir.com.uy\/equilibrio\/shop\/gatos\/adultos-gatos\/adultos-castrados-pollo\/\"]}]},{\"@type\":\"ImageObject\",\"inLanguage\":\"es-AR\",\"@id\":\"https:\/\/sadenir.com.uy\/equilibrio\/shop\/gatos\/adultos-gatos\/adultos-castrados-pollo\/#primaryimage\",\"url\":\"https:\/\/sadenir.com.uy\/equilibrio\/wp-content\/uploads\/sites\/2\/2025\/03\/EQUILIBRIO-GATOS-AD-CASTRADOS-FRANGO-8022-ESQUERDA.png\",\"contentUrl\":\"https:\/\/sadenir.com.uy\/equilibrio\/wp-content\/uploads\/sites\/2\/2025\/03\/EQUILIBRIO-GATOS-AD-CASTRADOS-FRANGO-8022-ESQUERDA.png\",\"width\":1100,\"height\":1250},{\"@type\":\"BreadcrumbList\",\"@id\":\"https:\/\/sadenir.com.uy\/equilibrio\/shop\/gatos\/adultos-gatos\/adultos-castrados-pollo\/#breadcrumb\",\"itemListElement\":[{\"@type\":\"ListItem\",\"position\":1,\"name\":\"Inicio\",\"item\":\"https:\/\/sadenir.com.uy\/equilibrio\/\"},{\"@type\":\"ListItem\",\"position\":2,\"name\":\"Productos\",\"item\":\"https:\/\/sadenir.com.uy\/equilibrio\/productos\/\"},{\"@type\":\"ListItem\",\"position\":3,\"name\":\"Adultos Castrados Pollo\"}]},{\"@type\":\"WebSite\",\"@id\":\"https:\/\/sadenir.com.uy\/equilibrio\/#website\",\"url\":\"https:\/\/sadenir.com.uy\/equilibrio\/\",\"name\":\"Equilibrio\",\"description\":\"Excelencia en nutrici\u00f3n\",\"publisher\":{\"@id\":\"https:\/\/sadenir.com.uy\/equilibrio\/#organization\"},\"potentialAction\":[{\"@type\":\"SearchAction\",\"target\":{\"@type\":\"EntryPoint\",\"urlTemplate\":\"https:\/\/sadenir.com.uy\/equilibrio\/?s={search_term_string}\"},\"query-input\":{\"@type\":\"PropertyValueSpecification\",\"valueRequired\":true,\"valueName\":\"search_term_string\"}}],\"inLanguage\":\"es-AR\"},{\"@type\":\"Organization\",\"@id\":\"https:\/\/sadenir.com.uy\/equilibrio\/#organization\",\"name\":\"Equilibrio\",\"url\":\"https:\/\/sadenir.com.uy\/equilibrio\/\",\"logo\":{\"@type\":\"ImageObject\",\"inLanguage\":\"es-AR\",\"@id\":\"https:\/\/sadenir.com.uy\/equilibrio\/#\/schema\/logo\/image\/\",\"url\":\"https:\/\/sadenir.com.uy\/equilibrio\/wp-content\/uploads\/sites\/2\/2024\/04\/LOGO-EQUILIBRIO.png\",\"contentUrl\":\"https:\/\/sadenir.com.uy\/equilibrio\/wp-content\/uploads\/sites\/2\/2024\/04\/LOGO-EQUILIBRIO.png\",\"width\":1592,\"height\":725,\"caption\":\"Equilibrio\"},\"image\":{\"@id\":\"https:\/\/sadenir.com.uy\/equilibrio\/#\/schema\/logo\/image\/\"},\"sameAs\":[\"https:\/\/www.facebook.com\/equilibriouruguay\",\"https:\/\/www.instagram.com\/equilibrio.uy\/\"]}]}<\/script>\n<!-- \/ Yoast SEO plugin. -->","yoast_head_json":{"title":"Adultos Castrados Pollo - Equilibrio","description":"Equilibrio Gatos Castrados con Pollo ayuda a controlar el peso y cuida la salud urinaria y digestiva. Con L-carnitina, antioxidantes, prebi\u00f3ticos y probi\u00f3ticos. Presentaciones de 500g, 1.5kg y 7.5kg.","robots":{"index":"index","follow":"follow","max-snippet":"max-snippet:-1","max-image-preview":"max-image-preview:large","max-video-preview":"max-video-preview:-1"},"canonical":"https:\/\/sadenir.com.uy\/equilibrio\/shop\/gatos\/adultos-gatos\/adultos-castrados-pollo\/","og_locale":"es_ES","og_type":"article","og_title":"Adultos Castrados Pollo - Equilibrio","og_description":"Equilibrio Gatos Castrados con Pollo ayuda a controlar el peso y cuida la salud urinaria y digestiva. Con L-carnitina, antioxidantes, prebi\u00f3ticos y probi\u00f3ticos. Presentaciones de 500g, 1.5kg y 7.5kg.","og_url":"https:\/\/sadenir.com.uy\/equilibrio\/shop\/gatos\/adultos-gatos\/adultos-castrados-pollo\/","og_site_name":"Equilibrio","article_publisher":"https:\/\/www.facebook.com\/equilibriouruguay","article_modified_time":"2025-04-30T14:52:15+00:00","og_image":[{"width":1100,"height":1250,"url":"https:\/\/sadenir.com.uy\/equilibrio\/wp-content\/uploads\/sites\/2\/2025\/03\/EQUILIBRIO-GATOS-AD-CASTRADOS-FRANGO-8022-ESQUERDA.png","type":"image\/png"}],"twitter_card":"summary_large_image","twitter_misc":{"Tiempo de lectura":"2 minutos"},"schema":{"@context":"https:\/\/schema.org","@graph":[{"@type":"WebPage","@id":"https:\/\/sadenir.com.uy\/equilibrio\/shop\/gatos\/adultos-gatos\/adultos-castrados-pollo\/","url":"https:\/\/sadenir.com.uy\/equilibrio\/shop\/gatos\/adultos-gatos\/adultos-castrados-pollo\/","name":"Adultos Castrados Pollo - Equilibrio","isPartOf":{"@id":"https:\/\/sadenir.com.uy\/equilibrio\/#website"},"primaryImageOfPage":{"@id":"https:\/\/sadenir.com.uy\/equilibrio\/shop\/gatos\/adultos-gatos\/adultos-castrados-pollo\/#primaryimage"},"image":{"@id":"https:\/\/sadenir.com.uy\/equilibrio\/shop\/gatos\/adultos-gatos\/adultos-castrados-pollo\/#primaryimage"},"thumbnailUrl":"https:\/\/sadenir.com.uy\/equilibrio\/wp-content\/uploads\/sites\/2\/2025\/03\/EQUILIBRIO-GATOS-AD-CASTRADOS-FRANGO-8022-ESQUERDA.png","datePublished":"2025-04-27T21:53:26+00:00","dateModified":"2025-04-30T14:52:15+00:00","description":"Equilibrio Gatos Castrados con Pollo ayuda a controlar el peso y cuida la salud urinaria y digestiva. Con L-carnitina, antioxidantes, prebi\u00f3ticos y probi\u00f3ticos. Presentaciones de 500g, 1.5kg y 7.5kg.","breadcrumb":{"@id":"https:\/\/sadenir.com.uy\/equilibrio\/shop\/gatos\/adultos-gatos\/adultos-castrados-pollo\/#breadcrumb"},"inLanguage":"es-AR","potentialAction":[{"@type":"ReadAction","target":["https:\/\/sadenir.com.uy\/equilibrio\/shop\/gatos\/adultos-gatos\/adultos-castrados-pollo\/"]}]},{"@type":"ImageObject","inLanguage":"es-AR","@id":"https:\/\/sadenir.com.uy\/equilibrio\/shop\/gatos\/adultos-gatos\/adultos-castrados-pollo\/#primaryimage","url":"https:\/\/sadenir.com.uy\/equilibrio\/wp-content\/uploads\/sites\/2\/2025\/03\/EQUILIBRIO-GATOS-AD-CASTRADOS-FRANGO-8022-ESQUERDA.png","contentUrl":"https:\/\/sadenir.com.uy\/equilibrio\/wp-content\/uploads\/sites\/2\/2025\/03\/EQUILIBRIO-GATOS-AD-CASTRADOS-FRANGO-8022-ESQUERDA.png","width":1100,"height":1250},{"@type":"BreadcrumbList","@id":"https:\/\/sadenir.com.uy\/equilibrio\/shop\/gatos\/adultos-gatos\/adultos-castrados-pollo\/#breadcrumb","itemListElement":[{"@type":"ListItem","position":1,"name":"Inicio","item":"https:\/\/sadenir.com.uy\/equilibrio\/"},{"@type":"ListItem","position":2,"name":"Productos","item":"https:\/\/sadenir.com.uy\/equilibrio\/productos\/"},{"@type":"ListItem","position":3,"name":"Adultos Castrados Pollo"}]},{"@type":"WebSite","@id":"https:\/\/sadenir.com.uy\/equilibrio\/#website","url":"https:\/\/sadenir.com.uy\/equilibrio\/","name":"Equilibrio","description":"Excelencia en nutrici\u00f3n","publisher":{"@id":"https:\/\/sadenir.com.uy\/equilibrio\/#organization"},"potentialAction":[{"@type":"SearchAction","target":{"@type":"EntryPoint","urlTemplate":"https:\/\/sadenir.com.uy\/equilibrio\/?s={search_term_string}"},"query-input":{"@type":"PropertyValueSpecification","valueRequired":true,"valueName":"search_term_string"}}],"inLanguage":"es-AR"},{"@type":"Organization","@id":"https:\/\/sadenir.com.uy\/equilibrio\/#organization","name":"Equilibrio","url":"https:\/\/sadenir.com.uy\/equilibrio\/","logo":{"@type":"ImageObject","inLanguage":"es-AR","@id":"https:\/\/sadenir.com.uy\/equilibrio\/#\/schema\/logo\/image\/","url":"https:\/\/sadenir.com.uy\/equilibrio\/wp-content\/uploads\/sites\/2\/2024\/04\/LOGO-EQUILIBRIO.png","contentUrl":"https:\/\/sadenir.com.uy\/equilibrio\/wp-content\/uploads\/sites\/2\/2024\/04\/LOGO-EQUILIBRIO.png","width":1592,"height":725,"caption":"Equilibrio"},"image":{"@id":"https:\/\/sadenir.com.uy\/equilibrio\/#\/schema\/logo\/image\/"},"sameAs":["https:\/\/www.facebook.com\/equilibriouruguay","https:\/\/www.instagram.com\/equilibrio.uy\/"]}]}},"_links":{"self":[{"href":"https:\/\/sadenir.com.uy\/equilibrio\/wp-json\/wp\/v2\/product\/8161","targetHints":{"allow":["GET"]}}],"collection":[{"href":"https:\/\/sadenir.com.uy\/equilibrio\/wp-json\/wp\/v2\/product"}],"about":[{"href":"https:\/\/sadenir.com.uy\/equilibrio\/wp-json\/wp\/v2\/types\/product"}],"wp:featuredmedia":[{"embeddable":true,"href":"https:\/\/sadenir.com.uy\/equilibrio\/wp-json\/wp\/v2\/media\/8147"}],"wp:attachment":[{"href":"https:\/\/sadenir.com.uy\/equilibrio\/wp-json\/wp\/v2\/media?parent=8161"}],"wp:term":[{"taxonomy":"product_brand","embeddable":true,"href":"https:\/\/sadenir.com.uy\/equilibrio\/wp-json\/wp\/v2\/product_brand?post=8161"},{"taxonomy":"product_cat","embeddable":true,"href":"https:\/\/sadenir.com.uy\/equilibrio\/wp-json\/wp\/v2\/product_cat?post=8161"},{"taxonomy":"product_tag","embeddable":true,"href":"https:\/\/sadenir.com.uy\/equilibrio\/wp-json\/wp\/v2\/product_tag?post=8161"}],"curies":[{"name":"wp","href":"https:\/\/api.w.org\/{rel}","templated":true}]}}