{"id":5856,"date":"2020-09-01T17:22:14","date_gmt":"2020-09-01T17:22:14","guid":{"rendered":"https:\/\/www.andresdicamillo.com\/sadenir\/max\/?post_type=product&#038;p=5856"},"modified":"2020-09-24T00:24:37","modified_gmt":"2020-09-24T00:24:37","slug":"perros-adultos-active","status":"publish","type":"product","link":"https:\/\/sadenir.com.uy\/max\/product\/perros-adultos-active\/","title":{"rendered":"Premium Especial Razas Peque\u00f1as Buffet: Pollo &#038; Vegetales"},"content":{"rendered":"<p><img decoding=\"async\" src=\"http:\/\/sadenir.com.uy\/wp-content\/uploads\/2017\/12\/raza-peque-2.jpg\" \/><\/p>\n<p><strong>INGREDIENTES<\/strong><\/p>\n<p>Composici\u00f3n B\u00e1sica: Arroz quebrado, ma\u00edz integral molido**, harina de viseras de pollo, salvado de soja*, salvado de gluten de ma\u00edz-60**, harina de carne y huesos, grasa de pollo, hidrolizado de pollo y\/o sub productos, carne mec\u00e1nicamente separada de pollo (3%), arroz integral (2%), remolacha deshidratada (2%), zanahoria deshidratada (2%), espinaca deshidratada (2%), levadura seca de cerveza, fosfato bic\u00e1lcico, semilla de linaza (1,5%), cloruro de sodio, cloruro de potasio, aceite de girasol (0,3%), aceite de oliva (0,3%), extracto de ajo, colorante artificial rojo 40, colorante artificial amarillo crep\u00fasculo, colorante artificial verde 3, aromatizante de carne y panceta, aromatizante de carne asada (0,01%), aditivo antioxidante (BHA, BHT), vitamina A, vitamina B12, vitamina D, vitamina E, selenito de sodio, \u00e1cido f\u00f3lico, \u00e1cido pantot\u00e9nico, sulfato de cobre, cloruro de colina, sulfato ferroso, yodato de calcio, \u00f3xido de manganeso, vitamina B1, vitamina B2, vitamina B6, vitamina H, vitamina K, vitamina PP, \u00f3xido de zinc. *Agrobacterium tumefasciens, Arabidopis thaliana, Bacillus thuriginensis, Streptomyces viridochromogenes, **Bacillus thuriginensis, Bacillus thuriginensis var. aizawai, Zea mays, Bacillus tumefaciens.<\/p>\n<p><strong>NIVELES DE GARANTIA<\/strong><\/p>\n<p><img decoding=\"async\" src=\"http:\/\/sadenir.com.uy\/wp-content\/uploads\/2017\/12\/NG-raza-peque.jpg\" \/><\/p>\n<p><strong>CANTIDAD DIARIA<\/strong><\/p>\n<p><img decoding=\"async\" src=\"http:\/\/sadenir.com.uy\/wp-content\/uploads\/2017\/12\/CD-raza-peque.jpg\" \/><\/p>\n<p>Una taza de T\u00e9 contiene aproximadamente 85g.<br \/>\n1. Estas son cantidades sugeridas. Las porciones pueden variar de acuerdo con la edad, actividad y temperamento de su Perro.<br \/>\n2. Mantenga agua fresca y limpia disponible todo el tiempo.<br \/>\n3. Lleve su Perro peri\u00f3dicamente al veterinario.<br \/>\n4. En caso de que su Perro no est\u00e9 siendo alimentado con este producto, recomendamos que la substituci\u00f3n sea hecha gradualmente a lo largo de 05 d\u00edas.<\/p>\n<p><strong>ENRIQUECIMIENTO<\/strong><\/p>\n<p>Vitamina A (14.000 U.I.), Vitamina B12 (200 mcg), Vitamina D (2.000 U.I.), Vitamina E (450 U.I.), Selenio (0,2 mg), \u00c1cido F\u00f3lico (1 mg), \u00c1cido Pantot\u00e9nico (20 mg), Cobre (15 mg), Colina (1.200 mg), Cobalto (0,5 mg), Ferro (170 mg), Iodo (3 mg), Manganeso (80 mg), Vitamina B1 (8 mg), Vitamina B2 (8 mg), Vitamina B6 (8 mg), Vitamina H (1,5 mg), Vitamina K (1,5 mg), Vitamina PP (80 mg), Zinc (120 mg)<\/p>\n","protected":false},"excerpt":{"rendered":"<p>Carne, zanahoria, remolacha, espinaca, arroz y ma\u00edz. \u00bfEs como la comida que hacemos en casa, no? Tu perro se va a deleitar con esta alimentaci\u00f3n especial que Total prepar\u00f3 para \u00e9l.<\/p>\n","protected":false},"featured_media":6110,"template":"","meta":{"pgc_sgb_lightbox_settings":""},"product_brand":[],"product_cat":[43,64],"product_tag":[],"class_list":{"0":"post-5856","1":"product","2":"type-product","3":"status-publish","4":"has-post-thumbnail","6":"product_cat-perros","7":"product_cat-pequenos","9":"first","10":"instock","11":"shipping-taxable","12":"product-type-simple"},"yoast_head":"<!-- This site is optimized with the Yoast SEO plugin v26.1.1 - https:\/\/yoast.com\/wordpress\/plugins\/seo\/ -->\n<title>Premium Especial Razas Peque\u00f1as Buffet: Pollo &amp; Vegetales - Max<\/title>\n<meta name=\"robots\" content=\"index, follow, max-snippet:-1, max-image-preview:large, max-video-preview:-1\" \/>\n<link rel=\"canonical\" href=\"https:\/\/sadenir.com.uy\/max\/product\/perros-adultos-active\/\" \/>\n<meta property=\"og:locale\" content=\"es_ES\" \/>\n<meta property=\"og:type\" content=\"article\" \/>\n<meta property=\"og:title\" content=\"Premium Especial Razas Peque\u00f1as Buffet: Pollo &amp; Vegetales - Max\" \/>\n<meta property=\"og:description\" content=\"Carne, zanahoria, remolacha, espinaca, arroz y ma\u00edz. \u00bfEs como la comida que hacemos en casa, no? Tu perro se va a deleitar con esta alimentaci\u00f3n especial que Total prepar\u00f3 para \u00e9l.\" \/>\n<meta property=\"og:url\" content=\"https:\/\/sadenir.com.uy\/max\/product\/perros-adultos-active\/\" \/>\n<meta property=\"og:site_name\" content=\"Max\" \/>\n<meta property=\"article:modified_time\" content=\"2020-09-24T00:24:37+00:00\" \/>\n<meta property=\"og:image\" content=\"https:\/\/sadenir.com.uy\/max\/wp-content\/uploads\/sites\/4\/2020\/09\/adulto_peque.jpg\" \/>\n\t<meta property=\"og:image:width\" content=\"801\" \/>\n\t<meta property=\"og:image:height\" content=\"800\" \/>\n\t<meta property=\"og:image:type\" content=\"image\/jpeg\" \/>\n<meta name=\"twitter:card\" content=\"summary_large_image\" \/>\n<meta name=\"twitter:label1\" content=\"Tiempo de lectura\" \/>\n\t<meta name=\"twitter:data1\" content=\"1 minuto\" \/>\n<script type=\"application\/ld+json\" class=\"yoast-schema-graph\">{\"@context\":\"https:\/\/schema.org\",\"@graph\":[{\"@type\":\"WebPage\",\"@id\":\"https:\/\/sadenir.com.uy\/max\/product\/perros-adultos-active\/\",\"url\":\"https:\/\/sadenir.com.uy\/max\/product\/perros-adultos-active\/\",\"name\":\"Premium Especial Razas Peque\u00f1as Buffet: Pollo & Vegetales - Max\",\"isPartOf\":{\"@id\":\"https:\/\/sadenir.com.uy\/max\/#website\"},\"primaryImageOfPage\":{\"@id\":\"https:\/\/sadenir.com.uy\/max\/product\/perros-adultos-active\/#primaryimage\"},\"image\":{\"@id\":\"https:\/\/sadenir.com.uy\/max\/product\/perros-adultos-active\/#primaryimage\"},\"thumbnailUrl\":\"https:\/\/sadenir.com.uy\/max\/wp-content\/uploads\/sites\/4\/2020\/09\/adulto_peque.jpg\",\"datePublished\":\"2020-09-01T17:22:14+00:00\",\"dateModified\":\"2020-09-24T00:24:37+00:00\",\"breadcrumb\":{\"@id\":\"https:\/\/sadenir.com.uy\/max\/product\/perros-adultos-active\/#breadcrumb\"},\"inLanguage\":\"es-AR\",\"potentialAction\":[{\"@type\":\"ReadAction\",\"target\":[\"https:\/\/sadenir.com.uy\/max\/product\/perros-adultos-active\/\"]}]},{\"@type\":\"ImageObject\",\"inLanguage\":\"es-AR\",\"@id\":\"https:\/\/sadenir.com.uy\/max\/product\/perros-adultos-active\/#primaryimage\",\"url\":\"https:\/\/sadenir.com.uy\/max\/wp-content\/uploads\/sites\/4\/2020\/09\/adulto_peque.jpg\",\"contentUrl\":\"https:\/\/sadenir.com.uy\/max\/wp-content\/uploads\/sites\/4\/2020\/09\/adulto_peque.jpg\",\"width\":801,\"height\":800},{\"@type\":\"BreadcrumbList\",\"@id\":\"https:\/\/sadenir.com.uy\/max\/product\/perros-adultos-active\/#breadcrumb\",\"itemListElement\":[{\"@type\":\"ListItem\",\"position\":1,\"name\":\"Inicio\",\"item\":\"https:\/\/sadenir.com.uy\/max\/\"},{\"@type\":\"ListItem\",\"position\":2,\"name\":\"Shop\",\"item\":\"https:\/\/sadenir.com.uy\/max\/shop\/\"},{\"@type\":\"ListItem\",\"position\":3,\"name\":\"Premium Especial Razas Peque\u00f1as Buffet: Pollo &#038; Vegetales\"}]},{\"@type\":\"WebSite\",\"@id\":\"https:\/\/sadenir.com.uy\/max\/#website\",\"url\":\"https:\/\/sadenir.com.uy\/max\/\",\"name\":\"Max\",\"description\":\"Excelencia en nutrici\u00f3n\",\"potentialAction\":[{\"@type\":\"SearchAction\",\"target\":{\"@type\":\"EntryPoint\",\"urlTemplate\":\"https:\/\/sadenir.com.uy\/max\/?s={search_term_string}\"},\"query-input\":{\"@type\":\"PropertyValueSpecification\",\"valueRequired\":true,\"valueName\":\"search_term_string\"}}],\"inLanguage\":\"es-AR\"}]}<\/script>\n<!-- \/ Yoast SEO plugin. -->","yoast_head_json":{"title":"Premium Especial Razas Peque\u00f1as Buffet: Pollo & Vegetales - Max","robots":{"index":"index","follow":"follow","max-snippet":"max-snippet:-1","max-image-preview":"max-image-preview:large","max-video-preview":"max-video-preview:-1"},"canonical":"https:\/\/sadenir.com.uy\/max\/product\/perros-adultos-active\/","og_locale":"es_ES","og_type":"article","og_title":"Premium Especial Razas Peque\u00f1as Buffet: Pollo & Vegetales - Max","og_description":"Carne, zanahoria, remolacha, espinaca, arroz y ma\u00edz. \u00bfEs como la comida que hacemos en casa, no? Tu perro se va a deleitar con esta alimentaci\u00f3n especial que Total prepar\u00f3 para \u00e9l.","og_url":"https:\/\/sadenir.com.uy\/max\/product\/perros-adultos-active\/","og_site_name":"Max","article_modified_time":"2020-09-24T00:24:37+00:00","og_image":[{"width":801,"height":800,"url":"https:\/\/sadenir.com.uy\/max\/wp-content\/uploads\/sites\/4\/2020\/09\/adulto_peque.jpg","type":"image\/jpeg"}],"twitter_card":"summary_large_image","twitter_misc":{"Tiempo de lectura":"1 minuto"},"schema":{"@context":"https:\/\/schema.org","@graph":[{"@type":"WebPage","@id":"https:\/\/sadenir.com.uy\/max\/product\/perros-adultos-active\/","url":"https:\/\/sadenir.com.uy\/max\/product\/perros-adultos-active\/","name":"Premium Especial Razas Peque\u00f1as Buffet: Pollo & Vegetales - Max","isPartOf":{"@id":"https:\/\/sadenir.com.uy\/max\/#website"},"primaryImageOfPage":{"@id":"https:\/\/sadenir.com.uy\/max\/product\/perros-adultos-active\/#primaryimage"},"image":{"@id":"https:\/\/sadenir.com.uy\/max\/product\/perros-adultos-active\/#primaryimage"},"thumbnailUrl":"https:\/\/sadenir.com.uy\/max\/wp-content\/uploads\/sites\/4\/2020\/09\/adulto_peque.jpg","datePublished":"2020-09-01T17:22:14+00:00","dateModified":"2020-09-24T00:24:37+00:00","breadcrumb":{"@id":"https:\/\/sadenir.com.uy\/max\/product\/perros-adultos-active\/#breadcrumb"},"inLanguage":"es-AR","potentialAction":[{"@type":"ReadAction","target":["https:\/\/sadenir.com.uy\/max\/product\/perros-adultos-active\/"]}]},{"@type":"ImageObject","inLanguage":"es-AR","@id":"https:\/\/sadenir.com.uy\/max\/product\/perros-adultos-active\/#primaryimage","url":"https:\/\/sadenir.com.uy\/max\/wp-content\/uploads\/sites\/4\/2020\/09\/adulto_peque.jpg","contentUrl":"https:\/\/sadenir.com.uy\/max\/wp-content\/uploads\/sites\/4\/2020\/09\/adulto_peque.jpg","width":801,"height":800},{"@type":"BreadcrumbList","@id":"https:\/\/sadenir.com.uy\/max\/product\/perros-adultos-active\/#breadcrumb","itemListElement":[{"@type":"ListItem","position":1,"name":"Inicio","item":"https:\/\/sadenir.com.uy\/max\/"},{"@type":"ListItem","position":2,"name":"Shop","item":"https:\/\/sadenir.com.uy\/max\/shop\/"},{"@type":"ListItem","position":3,"name":"Premium Especial Razas Peque\u00f1as Buffet: Pollo &#038; Vegetales"}]},{"@type":"WebSite","@id":"https:\/\/sadenir.com.uy\/max\/#website","url":"https:\/\/sadenir.com.uy\/max\/","name":"Max","description":"Excelencia en nutrici\u00f3n","potentialAction":[{"@type":"SearchAction","target":{"@type":"EntryPoint","urlTemplate":"https:\/\/sadenir.com.uy\/max\/?s={search_term_string}"},"query-input":{"@type":"PropertyValueSpecification","valueRequired":true,"valueName":"search_term_string"}}],"inLanguage":"es-AR"}]}},"_links":{"self":[{"href":"https:\/\/sadenir.com.uy\/max\/wp-json\/wp\/v2\/product\/5856","targetHints":{"allow":["GET"]}}],"collection":[{"href":"https:\/\/sadenir.com.uy\/max\/wp-json\/wp\/v2\/product"}],"about":[{"href":"https:\/\/sadenir.com.uy\/max\/wp-json\/wp\/v2\/types\/product"}],"wp:featuredmedia":[{"embeddable":true,"href":"https:\/\/sadenir.com.uy\/max\/wp-json\/wp\/v2\/media\/6110"}],"wp:attachment":[{"href":"https:\/\/sadenir.com.uy\/max\/wp-json\/wp\/v2\/media?parent=5856"}],"wp:term":[{"taxonomy":"product_brand","embeddable":true,"href":"https:\/\/sadenir.com.uy\/max\/wp-json\/wp\/v2\/product_brand?post=5856"},{"taxonomy":"product_cat","embeddable":true,"href":"https:\/\/sadenir.com.uy\/max\/wp-json\/wp\/v2\/product_cat?post=5856"},{"taxonomy":"product_tag","embeddable":true,"href":"https:\/\/sadenir.com.uy\/max\/wp-json\/wp\/v2\/product_tag?post=5856"}],"curies":[{"name":"wp","href":"https:\/\/api.w.org\/{rel}","templated":true}]}}