{"id":6006,"date":"2020-08-28T19:15:41","date_gmt":"2020-08-28T19:15:41","guid":{"rendered":"https:\/\/www.andresdicamillo.com\/sadenir\/max\/?post_type=product&#038;p=6006"},"modified":"2025-07-21T17:23:07","modified_gmt":"2025-07-21T17:23:07","slug":"max-adultos-razas-pequenas","status":"publish","type":"product","link":"https:\/\/sadenir.com.uy\/max\/product\/max-adultos-razas-pequenas\/","title":{"rendered":"Max Professional Line Performance Adultos Razas Peque\u00f1as Pollo &#038; Arroz"},"content":{"rendered":"<div class=\"clearfix clearfixtotal\">\n<h3><strong>Composici\u00f3n B\u00e1sica<\/strong><\/h3>\n<p>Carne mec\u00e1nicamente separada\u00a0 de pollo, harina de menudos de pollo, grasa de pollo, ma\u00edz integral molido, afrecho de gluten de ma\u00edz 60, germen de ma\u00edz desgrasado, sorgo integral, arroz medio grano, semilla de linaza, afrecho de soja, levadura seca de cervecer\u00eda, cloruro de Sodio (sal com\u00fan), fosfato dic\u00e1lcico, cloruro de potasio, propionato de calcio y\/o \u00e1cido propi\u00f3nico, propionato de amonio y \u00e1cido ac\u00e9tico, manano-oligosac\u00e1ridos, extracto de <i>Yucca<\/i> <i>Schidigera<\/i>, aditivo antioxidante\u00a0 (BHA, BHT), hidrolizado de pollo y h\u00edgado de cerdo y\/o hidrolizado de h\u00edgado de aves y\/o hidrolizado de menudos de pollo, suplemento vitam\u00ednico mineral.<\/p>\n<\/div>\n<h3><strong>An\u00e1lisis Nutricional<\/strong><i class=\"fa fa-caret-down\"><\/i><\/h3>\n<p>Prote\u00edna Bruta (m\u00edn.) (23%), Grasas (m\u00edn.) (12%), Fibras (m\u00e1x.) (4%), Materia Mineral (m\u00e1x.) (11%), Humedad (m\u00e1x.) (12%), Calcio (m\u00e1x.) (2,4%), F\u00f3sforo (m\u00edn.) (0,8%), Manano-oligosac\u00e1ridos (m\u00cdn.) (0,1%).<\/p>\n<h3><strong>Enriquecimiento por Kilogramo del Producto<\/strong><\/h3>\n<p>Vitamina A (12000 U.I.), Vitamina B1 (8 mg), Vitamina B12 (120 mcg), Vitamina B2 (8 mg), Vitamina B6 (8 mg), \u00c1cido F\u00f3lico (1 mg), \u00c1cido Pantot\u00e9nico (20 mg), Vitamina D (900 U.I.), Vitamina H (0,5 mg), Vitamina K (1,5 mg), Vitamina PP (50 mg), Vitamina E (450 U.I.), Sodio (3 g), Potasio (5 g), Cobre (15 mg), Hierro (80 mg), Selenio (0,2 mg), Manganeso (60 mg), Zinc (120 mg), Yodo (1,5 mg).<\/p>\n","protected":false},"excerpt":{"rendered":"<p>Max Professional Line es un alimento Premium Especial, producido sin adici\u00f3n de colorantes y aromatizantes artificiales para tu compa\u00f1ero. Con Max Performance Adultos Razas Peque\u00f1as Pollo &amp; Arroz, le ofreces prote\u00ednas de alta calidad y digestibilidad, y antioxidantes naturales que ayudan a mantener sanas las defensas del organismo y refuerzan la vitalidad del perro adulto. Producido con ingredientes seleccionados, como linaza \u2013 fuente de omega 3 \u2013 y arroz \u2013 excelente fuente de carbohidratos. Tambi\u00e9n cuenta con Extracto de\u00a0<em>Yucca<\/em>, que proporciona menor volumen y olor de las heces, y prebi\u00f3ticos, para mejorar la absorci\u00f3n de los nutrientes.<\/p>\n","protected":false},"featured_media":7613,"template":"","meta":{"pgc_sgb_lightbox_settings":""},"product_brand":[],"product_cat":[74,43,60,64],"product_tag":[],"class_list":{"0":"post-6006","1":"product","2":"type-product","3":"status-publish","4":"has-post-thumbnail","6":"product_cat-max-professional","7":"product_cat-perros","8":"product_cat-adultos","9":"product_cat-pequenos","11":"first","12":"instock","13":"shipping-taxable","14":"product-type-simple"},"yoast_head":"<!-- This site is optimized with the Yoast SEO plugin v26.1.1 - https:\/\/yoast.com\/wordpress\/plugins\/seo\/ -->\n<title>Max Adultos Razas Peque\u00f1as - Alimentos para perros Max - Sadenir S.A.<\/title>\n<meta name=\"description\" content=\"Max Adultos Razas Peque\u00f1as es un alimento para perros Premium Especial, sin colorantes. \u00a1A tu compa\u00f1ero le encantar\u00e1!\" \/>\n<meta name=\"robots\" content=\"index, follow, max-snippet:-1, max-image-preview:large, max-video-preview:-1\" \/>\n<link rel=\"canonical\" href=\"https:\/\/sadenir.com.uy\/max\/product\/max-adultos-razas-pequenas\/\" \/>\n<meta property=\"og:locale\" content=\"es_ES\" \/>\n<meta property=\"og:type\" content=\"article\" \/>\n<meta property=\"og:title\" content=\"Max Adultos Razas Peque\u00f1as - Alimentos para perros Max - Sadenir S.A.\" \/>\n<meta property=\"og:description\" content=\"Max Adultos Razas Peque\u00f1as es un alimento para perros Premium Especial, sin colorantes. \u00a1A tu compa\u00f1ero le encantar\u00e1!\" \/>\n<meta property=\"og:url\" content=\"https:\/\/sadenir.com.uy\/max\/product\/max-adultos-razas-pequenas\/\" \/>\n<meta property=\"og:site_name\" content=\"Max\" \/>\n<meta property=\"article:modified_time\" content=\"2025-07-21T17:23:07+00:00\" \/>\n<meta property=\"og:image\" content=\"https:\/\/sadenir.com.uy\/max\/wp-content\/uploads\/sites\/4\/2020\/08\/MOCKUP-DOG-PL-AD-RP-FRANGO-E-ARROZ-8403-ESQUERDA-1.png\" \/>\n\t<meta property=\"og:image:width\" content=\"2200\" \/>\n\t<meta property=\"og:image:height\" content=\"2500\" \/>\n\t<meta property=\"og:image:type\" content=\"image\/png\" \/>\n<meta name=\"twitter:card\" content=\"summary_large_image\" \/>\n<meta name=\"twitter:label1\" content=\"Tiempo de lectura\" \/>\n\t<meta name=\"twitter:data1\" content=\"2 minutos\" \/>\n<script type=\"application\/ld+json\" class=\"yoast-schema-graph\">{\"@context\":\"https:\/\/schema.org\",\"@graph\":[{\"@type\":\"WebPage\",\"@id\":\"https:\/\/sadenir.com.uy\/max\/product\/max-adultos-razas-pequenas\/\",\"url\":\"https:\/\/sadenir.com.uy\/max\/product\/max-adultos-razas-pequenas\/\",\"name\":\"Max Adultos Razas Peque\u00f1as - Alimentos para perros Max - Sadenir S.A.\",\"isPartOf\":{\"@id\":\"https:\/\/sadenir.com.uy\/max\/#website\"},\"primaryImageOfPage\":{\"@id\":\"https:\/\/sadenir.com.uy\/max\/product\/max-adultos-razas-pequenas\/#primaryimage\"},\"image\":{\"@id\":\"https:\/\/sadenir.com.uy\/max\/product\/max-adultos-razas-pequenas\/#primaryimage\"},\"thumbnailUrl\":\"https:\/\/sadenir.com.uy\/max\/wp-content\/uploads\/sites\/4\/2020\/08\/MOCKUP-DOG-PL-AD-RP-FRANGO-E-ARROZ-8403-ESQUERDA-1.png\",\"datePublished\":\"2020-08-28T19:15:41+00:00\",\"dateModified\":\"2025-07-21T17:23:07+00:00\",\"description\":\"Max Adultos Razas Peque\u00f1as es un alimento para perros Premium Especial, sin colorantes. \u00a1A tu compa\u00f1ero le encantar\u00e1!\",\"breadcrumb\":{\"@id\":\"https:\/\/sadenir.com.uy\/max\/product\/max-adultos-razas-pequenas\/#breadcrumb\"},\"inLanguage\":\"es-AR\",\"potentialAction\":[{\"@type\":\"ReadAction\",\"target\":[\"https:\/\/sadenir.com.uy\/max\/product\/max-adultos-razas-pequenas\/\"]}]},{\"@type\":\"ImageObject\",\"inLanguage\":\"es-AR\",\"@id\":\"https:\/\/sadenir.com.uy\/max\/product\/max-adultos-razas-pequenas\/#primaryimage\",\"url\":\"https:\/\/sadenir.com.uy\/max\/wp-content\/uploads\/sites\/4\/2020\/08\/MOCKUP-DOG-PL-AD-RP-FRANGO-E-ARROZ-8403-ESQUERDA-1.png\",\"contentUrl\":\"https:\/\/sadenir.com.uy\/max\/wp-content\/uploads\/sites\/4\/2020\/08\/MOCKUP-DOG-PL-AD-RP-FRANGO-E-ARROZ-8403-ESQUERDA-1.png\",\"width\":2200,\"height\":2500},{\"@type\":\"BreadcrumbList\",\"@id\":\"https:\/\/sadenir.com.uy\/max\/product\/max-adultos-razas-pequenas\/#breadcrumb\",\"itemListElement\":[{\"@type\":\"ListItem\",\"position\":1,\"name\":\"Inicio\",\"item\":\"https:\/\/sadenir.com.uy\/max\/\"},{\"@type\":\"ListItem\",\"position\":2,\"name\":\"Shop\",\"item\":\"https:\/\/sadenir.com.uy\/max\/shop\/\"},{\"@type\":\"ListItem\",\"position\":3,\"name\":\"Max Professional Line Performance Adultos Razas Peque\u00f1as Pollo &#038; Arroz\"}]},{\"@type\":\"WebSite\",\"@id\":\"https:\/\/sadenir.com.uy\/max\/#website\",\"url\":\"https:\/\/sadenir.com.uy\/max\/\",\"name\":\"Max\",\"description\":\"Excelencia en nutrici\u00f3n\",\"potentialAction\":[{\"@type\":\"SearchAction\",\"target\":{\"@type\":\"EntryPoint\",\"urlTemplate\":\"https:\/\/sadenir.com.uy\/max\/?s={search_term_string}\"},\"query-input\":{\"@type\":\"PropertyValueSpecification\",\"valueRequired\":true,\"valueName\":\"search_term_string\"}}],\"inLanguage\":\"es-AR\"}]}<\/script>\n<!-- \/ Yoast SEO plugin. -->","yoast_head_json":{"title":"Max Adultos Razas Peque\u00f1as - Alimentos para perros Max - Sadenir S.A.","description":"Max Adultos Razas Peque\u00f1as es un alimento para perros Premium Especial, sin colorantes. \u00a1A tu compa\u00f1ero le encantar\u00e1!","robots":{"index":"index","follow":"follow","max-snippet":"max-snippet:-1","max-image-preview":"max-image-preview:large","max-video-preview":"max-video-preview:-1"},"canonical":"https:\/\/sadenir.com.uy\/max\/product\/max-adultos-razas-pequenas\/","og_locale":"es_ES","og_type":"article","og_title":"Max Adultos Razas Peque\u00f1as - Alimentos para perros Max - Sadenir S.A.","og_description":"Max Adultos Razas Peque\u00f1as es un alimento para perros Premium Especial, sin colorantes. \u00a1A tu compa\u00f1ero le encantar\u00e1!","og_url":"https:\/\/sadenir.com.uy\/max\/product\/max-adultos-razas-pequenas\/","og_site_name":"Max","article_modified_time":"2025-07-21T17:23:07+00:00","og_image":[{"width":2200,"height":2500,"url":"https:\/\/sadenir.com.uy\/max\/wp-content\/uploads\/sites\/4\/2020\/08\/MOCKUP-DOG-PL-AD-RP-FRANGO-E-ARROZ-8403-ESQUERDA-1.png","type":"image\/png"}],"twitter_card":"summary_large_image","twitter_misc":{"Tiempo de lectura":"2 minutos"},"schema":{"@context":"https:\/\/schema.org","@graph":[{"@type":"WebPage","@id":"https:\/\/sadenir.com.uy\/max\/product\/max-adultos-razas-pequenas\/","url":"https:\/\/sadenir.com.uy\/max\/product\/max-adultos-razas-pequenas\/","name":"Max Adultos Razas Peque\u00f1as - Alimentos para perros Max - Sadenir S.A.","isPartOf":{"@id":"https:\/\/sadenir.com.uy\/max\/#website"},"primaryImageOfPage":{"@id":"https:\/\/sadenir.com.uy\/max\/product\/max-adultos-razas-pequenas\/#primaryimage"},"image":{"@id":"https:\/\/sadenir.com.uy\/max\/product\/max-adultos-razas-pequenas\/#primaryimage"},"thumbnailUrl":"https:\/\/sadenir.com.uy\/max\/wp-content\/uploads\/sites\/4\/2020\/08\/MOCKUP-DOG-PL-AD-RP-FRANGO-E-ARROZ-8403-ESQUERDA-1.png","datePublished":"2020-08-28T19:15:41+00:00","dateModified":"2025-07-21T17:23:07+00:00","description":"Max Adultos Razas Peque\u00f1as es un alimento para perros Premium Especial, sin colorantes. \u00a1A tu compa\u00f1ero le encantar\u00e1!","breadcrumb":{"@id":"https:\/\/sadenir.com.uy\/max\/product\/max-adultos-razas-pequenas\/#breadcrumb"},"inLanguage":"es-AR","potentialAction":[{"@type":"ReadAction","target":["https:\/\/sadenir.com.uy\/max\/product\/max-adultos-razas-pequenas\/"]}]},{"@type":"ImageObject","inLanguage":"es-AR","@id":"https:\/\/sadenir.com.uy\/max\/product\/max-adultos-razas-pequenas\/#primaryimage","url":"https:\/\/sadenir.com.uy\/max\/wp-content\/uploads\/sites\/4\/2020\/08\/MOCKUP-DOG-PL-AD-RP-FRANGO-E-ARROZ-8403-ESQUERDA-1.png","contentUrl":"https:\/\/sadenir.com.uy\/max\/wp-content\/uploads\/sites\/4\/2020\/08\/MOCKUP-DOG-PL-AD-RP-FRANGO-E-ARROZ-8403-ESQUERDA-1.png","width":2200,"height":2500},{"@type":"BreadcrumbList","@id":"https:\/\/sadenir.com.uy\/max\/product\/max-adultos-razas-pequenas\/#breadcrumb","itemListElement":[{"@type":"ListItem","position":1,"name":"Inicio","item":"https:\/\/sadenir.com.uy\/max\/"},{"@type":"ListItem","position":2,"name":"Shop","item":"https:\/\/sadenir.com.uy\/max\/shop\/"},{"@type":"ListItem","position":3,"name":"Max Professional Line Performance Adultos Razas Peque\u00f1as Pollo &#038; Arroz"}]},{"@type":"WebSite","@id":"https:\/\/sadenir.com.uy\/max\/#website","url":"https:\/\/sadenir.com.uy\/max\/","name":"Max","description":"Excelencia en nutrici\u00f3n","potentialAction":[{"@type":"SearchAction","target":{"@type":"EntryPoint","urlTemplate":"https:\/\/sadenir.com.uy\/max\/?s={search_term_string}"},"query-input":{"@type":"PropertyValueSpecification","valueRequired":true,"valueName":"search_term_string"}}],"inLanguage":"es-AR"}]}},"_links":{"self":[{"href":"https:\/\/sadenir.com.uy\/max\/wp-json\/wp\/v2\/product\/6006","targetHints":{"allow":["GET"]}}],"collection":[{"href":"https:\/\/sadenir.com.uy\/max\/wp-json\/wp\/v2\/product"}],"about":[{"href":"https:\/\/sadenir.com.uy\/max\/wp-json\/wp\/v2\/types\/product"}],"wp:featuredmedia":[{"embeddable":true,"href":"https:\/\/sadenir.com.uy\/max\/wp-json\/wp\/v2\/media\/7613"}],"wp:attachment":[{"href":"https:\/\/sadenir.com.uy\/max\/wp-json\/wp\/v2\/media?parent=6006"}],"wp:term":[{"taxonomy":"product_brand","embeddable":true,"href":"https:\/\/sadenir.com.uy\/max\/wp-json\/wp\/v2\/product_brand?post=6006"},{"taxonomy":"product_cat","embeddable":true,"href":"https:\/\/sadenir.com.uy\/max\/wp-json\/wp\/v2\/product_cat?post=6006"},{"taxonomy":"product_tag","embeddable":true,"href":"https:\/\/sadenir.com.uy\/max\/wp-json\/wp\/v2\/product_tag?post=6006"}],"curies":[{"name":"wp","href":"https:\/\/api.w.org\/{rel}","templated":true}]}}