{"id":6125,"date":"2020-11-30T18:49:03","date_gmt":"2020-11-30T18:49:03","guid":{"rendered":"https:\/\/sadenir.com.uy\/naturalis\/?post_type=product&#038;p=6125"},"modified":"2024-05-03T20:47:10","modified_gmt":"2024-05-03T20:47:10","slug":"alimento-gatos-adultos-castrados-pollo-pavo","status":"publish","type":"product","link":"https:\/\/sadenir.com.uy\/naturalis\/product\/alimento-gatos-adultos-castrados-pollo-pavo\/","title":{"rendered":"Naturalis Pollo y Pavo &#8211; Gatos Adultos Castrados"},"content":{"rendered":"<h3>Ingredientes<\/h3>\n<section id=\"produto-abas\" class=\"clearfix clearfixtotal\">\n<div id=\"bloco-composicao-basica\" class=\"bloco-abas\">\n<section id=\"produto-abas\" class=\"clearfix clearfixtotal\">\n<div id=\"bloco-composicao-basica\" class=\"bloco-abas\">\n<section id=\"produto-abas\" class=\"clearfix clearfixtotal\">\n<div id=\"bloco-composicao-basica\" class=\"bloco-abas\">\n<section id=\"produto-abas\" class=\"clearfix clearfixtotal\">\n<div id=\"bloco-composicao-basica\" class=\"bloco-abas\">\n<section id=\"produto-abas\" class=\"clearfix clearfixtotal\">\n<div id=\"bloco-composicao-basica\" class=\"bloco-abas\">\n<p>Harina de menudos de pollo, Harina de pavo, Ma\u00edz integral molido, Arroz integral, Afrecho de gluten de ma\u00edz 60, Afrecho de soja, Grasa de pollo (preservada con tocoferol y esencia de romero), Carne mec\u00e1nicamente separada de pollo, Avena integral, Trigo integral, Pulpa de remolacha, Semilla de linaza, Extracto de Yucca Schidigera, Aceite de romero, Aceite de oliva, Taurina , L-carnitina, Fosfato dic\u00e1lcico, DL-metionina, Manano-oligosac\u00e1ridos, Propionato de calcio, \u00c1cido fosf\u00f3rico, Cloruro de colina, Cloruro de potasio, Cloruro de Sodio (sal com\u00fan), Hidrolizado de pollo, Suplemento vitam\u00ednico mineral.<\/p>\n<\/div>\n<\/section>\n<\/div>\n<\/section>\n<\/div>\n<\/section>\n<\/div>\n<\/section>\n<\/div>\n<\/section>\n<p>&nbsp;<\/p>\n<h3>Valores de garant\u00eda<\/h3>\n<table class=\"qtd-diaria\">\n<tbody>\n<tr>\n<td><strong>Componente<\/strong><\/td>\n<td><strong>\/kg<\/strong><\/td>\n<td><strong>%<\/strong><\/td>\n<\/tr>\n<tr>\n<td>Prote\u00edna Bruta (m\u00edn.)<\/td>\n<td>340g\/kg<\/td>\n<td>34<\/td>\n<\/tr>\n<tr>\n<td>Grasas\u00a0(m\u00edn.)<\/td>\n<td>90g\/kg<\/td>\n<td>9<\/td>\n<\/tr>\n<tr>\n<td>Fibras (m\u00e1x.)<\/td>\n<td>50g\/kg<\/td>\n<td>5<\/td>\n<\/tr>\n<tr>\n<td>Humedad\u00a0(m\u00e1x)<\/td>\n<td>100g\/kg<\/td>\n<td>10<\/td>\n<\/tr>\n<tr>\n<td>Materia\u00a0Mineral (m\u00e1x.)<\/td>\n<td>100g\/kg<\/td>\n<td>10<\/td>\n<\/tr>\n<tr>\n<td>Calcio\u00a0(m\u00e1x.)<\/td>\n<td>15g\/kg<\/td>\n<td>1,5<\/td>\n<\/tr>\n<tr>\n<td>F\u00f3sforo (m\u00edn.)<\/td>\n<td>7000mg\/kg<\/td>\n<td>0,7<\/td>\n<\/tr>\n<tr>\n<td>Taurina\u00a0(min.)<\/td>\n<td>1300mg\/kg<\/td>\n<td>0,13<\/td>\n<\/tr>\n<tr>\n<td>DL-metionina (m\u00edn.)<\/td>\n<td>5700mg\/kg<\/td>\n<td>0,57<\/td>\n<\/tr>\n<tr>\n<td>Manano-oligosac\u00e1ridos\u00a0(min)<\/td>\n<td>3000mg\/kg<\/td>\n<td>0,3<\/td>\n<\/tr>\n<\/tbody>\n<\/table>\n<p>&nbsp;<\/p>\n<h3>Enriquecimiento por kilogramo de producto<\/h3>\n<table class=\"qtd-diaria\">\n<tbody>\n<tr>\n<td><\/td>\n<td><strong>Cantidad<\/strong><\/td>\n<td><strong>Unidad<\/strong><\/td>\n<\/tr>\n<tr>\n<td>Vitamina A<\/td>\n<td>18750<\/td>\n<td>U.I.<\/td>\n<\/tr>\n<tr>\n<td>Vitamina B12<\/td>\n<td>23<\/td>\n<td>mcg<\/td>\n<\/tr>\n<tr>\n<td>Vitamina C<\/td>\n<td>80<\/td>\n<td>mg<\/td>\n<\/tr>\n<tr>\n<td>Vitamina D<\/td>\n<td>1890<\/td>\n<td>U.I.<\/td>\n<\/tr>\n<tr>\n<td>Vitamina E<\/td>\n<td>450<\/td>\n<td>U.I.<\/td>\n<\/tr>\n<tr>\n<td>Selenio<\/td>\n<td>0,3<\/td>\n<td>mg<\/td>\n<\/tr>\n<tr>\n<td>\u00c1cido F\u00f3lico<\/td>\n<td>7,5<\/td>\n<td>mg<\/td>\n<\/tr>\n<tr>\n<td>\u00c1cido\u00a0Pantot\u00e9nico<\/td>\n<td>32,25<\/td>\n<td>mg<\/td>\n<\/tr>\n<tr>\n<td>Cobre<\/td>\n<td>15<\/td>\n<td>mg<\/td>\n<\/tr>\n<tr>\n<td>Colina<\/td>\n<td>2000<\/td>\n<td>mg<\/td>\n<\/tr>\n<tr>\n<td>Hierro<\/td>\n<td>100<\/td>\n<td>mg<\/td>\n<\/tr>\n<tr>\n<td>Yodo<\/td>\n<td>2<\/td>\n<td>mg<\/td>\n<\/tr>\n<tr>\n<td>Sodio<\/td>\n<td>2,5<\/td>\n<td>g<\/td>\n<\/tr>\n<tr>\n<td>Potasio<\/td>\n<td>5,2<\/td>\n<td>g<\/td>\n<\/tr>\n<tr>\n<td>Manganeso<\/td>\n<td>20<\/td>\n<td>mg<\/td>\n<\/tr>\n<tr>\n<td>Vitamina B1<\/td>\n<td>26,25<\/td>\n<td>mg<\/td>\n<\/tr>\n<tr>\n<td>Vitamina B2<\/td>\n<td>26,25<\/td>\n<td>mg<\/td>\n<\/tr>\n<tr>\n<td>Vitamina B6<\/td>\n<td>16,5<\/td>\n<td>mg<\/td>\n<\/tr>\n<tr>\n<td>Vitamina H<\/td>\n<td>0,6<\/td>\n<td>mg<\/td>\n<\/tr>\n<tr>\n<td>Vitamina K<\/td>\n<td>1,27<\/td>\n<td>mg<\/td>\n<\/tr>\n<tr>\n<td>Vitamina PP<\/td>\n<td>82,5<\/td>\n<td>mg<\/td>\n<\/tr>\n<tr>\n<td>Zinc<\/td>\n<td>120<\/td>\n<td>mg<\/td>\n<\/tr>\n<tr>\n<td>Taurina<\/td>\n<td>1300<\/td>\n<td>mg<\/td>\n<\/tr>\n<\/tbody>\n<\/table>\n<p>&nbsp;<\/p>\n<h3>Modo de uso<\/h3>\n<table class=\"qtd-diaria\">\n<thead>\n<tr>\n<th><img decoding=\"async\" src=\"https:\/\/www.naturalistotalalimentos.com.br\/es\/producto\/pollo-pavo\/imgs\/icone-gato.png\" alt=\"\" \/>\u00a0Peso del Gato (Kg)<\/th>\n<th><img decoding=\"async\" src=\"https:\/\/www.naturalistotalalimentos.com.br\/es\/imgs\/icone-qtd-diaria.png?v=0.0.5\" alt=\"\" \/>\u00a0Cantidad Diaria<\/th>\n<\/tr>\n<\/thead>\n<tbody>\n<tr>\n<td>1,4 &#8211; 2,4<\/td>\n<td>32 &#8211; 46 g<\/td>\n<\/tr>\n<tr>\n<td>2,4 &#8211; 3,6<\/td>\n<td>46 &#8211; 61 g<\/td>\n<\/tr>\n<tr>\n<td>3,6 &#8211; 4,7<\/td>\n<td>61 &#8211; 73 g<\/td>\n<\/tr>\n<tr>\n<td>4,7 &#8211; 7<\/td>\n<td>73 &#8211; 95 g<\/td>\n<\/tr>\n<\/tbody>\n<\/table>\n<p><strong>En una taza de t\u00e9 caben aproximadamente 85 g.<\/strong><\/p>\n<p>1. Estas son las cantidades sugeridas. Las porciones pueden variar de acuerdo con la edad, actividad y temperamento de tu gato.<br \/>\n2. Manten\u00e9 agua fresca y limpia a su disposici\u00f3n todo el d\u00eda.<br \/>\n3. Llev\u00e1 a su perro peri\u00f3dicamente al veterinario.<br \/>\n4. En caso de que su perro no se est\u00e9 alimentando con esta comida, recomendamos que la sustituci\u00f3n del producto se realice gradualmente a lo largo de 5 d\u00edas.<\/p>\n","protected":false},"excerpt":{"rendered":"<p>&nbsp;<\/p>\n<p>Naturalis Pollo y Pavo Gatos Adultos Castrados es un <strong>alimento para gatos adultos castrados<\/strong>\u00a0(a partir de los 12 meses de edad)<\/p>\n<p>Menos calor\u00edas: <strong>Ideal para el control de peso<\/strong><\/p>\n<p><em>Yucca Schidigera<\/em>: <strong>Menor olor de las heces<\/strong><\/p>\n<p>Ayuda a mantener la salud del tracto urinario gracias al <strong>control del pH urinario<\/strong><\/p>\n","protected":false},"featured_media":6247,"template":"","meta":{"pgc_sgb_lightbox_settings":""},"product_brand":[],"product_cat":[44,66,68],"product_tag":[],"class_list":{"0":"post-6125","1":"product","2":"type-product","3":"status-publish","4":"has-post-thumbnail","6":"product_cat-gatos","7":"product_cat-adultos-gatos","8":"product_cat-gatos-castrados","10":"first","11":"instock","12":"shipping-taxable","13":"product-type-simple"},"yoast_head":"<!-- This site is optimized with the Yoast SEO plugin v26.1.1 - https:\/\/yoast.com\/wordpress\/plugins\/seo\/ -->\n<title>Alimento para gatos adultos castrados Naturalis Pollo y Pavo<\/title>\n<meta name=\"description\" content=\"Naturalis Pollo y Pavo Gatos Castrados es un alimento para gatos adultos castrados de categor\u00eda premium especial. Conoc\u00e9 m\u00e1s.\" \/>\n<meta name=\"robots\" content=\"index, follow, max-snippet:-1, max-image-preview:large, max-video-preview:-1\" \/>\n<link rel=\"canonical\" href=\"https:\/\/sadenir.com.uy\/naturalis\/product\/alimento-gatos-adultos-castrados-pollo-pavo\/\" \/>\n<meta property=\"og:locale\" content=\"es_ES\" \/>\n<meta property=\"og:type\" content=\"article\" \/>\n<meta property=\"og:title\" content=\"Alimento para gatos adultos castrados Naturalis Pollo y Pavo\" \/>\n<meta property=\"og:description\" content=\"Naturalis Pollo y Pavo Gatos Castrados es un alimento para gatos adultos castrados de categor\u00eda premium especial. Conoc\u00e9 m\u00e1s.\" \/>\n<meta property=\"og:url\" content=\"https:\/\/sadenir.com.uy\/naturalis\/product\/alimento-gatos-adultos-castrados-pollo-pavo\/\" \/>\n<meta property=\"og:site_name\" content=\"Naturalis\" \/>\n<meta property=\"article:modified_time\" content=\"2024-05-03T20:47:10+00:00\" \/>\n<meta property=\"og:image\" content=\"https:\/\/sadenir.com.uy\/naturalis\/wp-content\/uploads\/sites\/5\/2020\/11\/Mockup-naturalis_essencial_cat_adulto_frango_peru-DIREITA-copy.png\" \/>\n\t<meta property=\"og:image:width\" content=\"1687\" \/>\n\t<meta property=\"og:image:height\" content=\"1802\" \/>\n\t<meta property=\"og:image:type\" content=\"image\/png\" \/>\n<meta name=\"twitter:card\" content=\"summary_large_image\" \/>\n<meta name=\"twitter:label1\" content=\"Tiempo de lectura\" \/>\n\t<meta name=\"twitter:data1\" content=\"2 minutos\" \/>\n<script type=\"application\/ld+json\" class=\"yoast-schema-graph\">{\"@context\":\"https:\/\/schema.org\",\"@graph\":[{\"@type\":\"WebPage\",\"@id\":\"https:\/\/sadenir.com.uy\/naturalis\/product\/alimento-gatos-adultos-castrados-pollo-pavo\/\",\"url\":\"https:\/\/sadenir.com.uy\/naturalis\/product\/alimento-gatos-adultos-castrados-pollo-pavo\/\",\"name\":\"Alimento para gatos adultos castrados Naturalis Pollo y Pavo\",\"isPartOf\":{\"@id\":\"https:\/\/sadenir.com.uy\/naturalis\/#website\"},\"primaryImageOfPage\":{\"@id\":\"https:\/\/sadenir.com.uy\/naturalis\/product\/alimento-gatos-adultos-castrados-pollo-pavo\/#primaryimage\"},\"image\":{\"@id\":\"https:\/\/sadenir.com.uy\/naturalis\/product\/alimento-gatos-adultos-castrados-pollo-pavo\/#primaryimage\"},\"thumbnailUrl\":\"https:\/\/sadenir.com.uy\/naturalis\/wp-content\/uploads\/sites\/5\/2020\/11\/Mockup-naturalis_essencial_cat_adulto_frango_peru-DIREITA-copy.png\",\"datePublished\":\"2020-11-30T18:49:03+00:00\",\"dateModified\":\"2024-05-03T20:47:10+00:00\",\"description\":\"Naturalis Pollo y Pavo Gatos Castrados es un alimento para gatos adultos castrados de categor\u00eda premium especial. Conoc\u00e9 m\u00e1s.\",\"breadcrumb\":{\"@id\":\"https:\/\/sadenir.com.uy\/naturalis\/product\/alimento-gatos-adultos-castrados-pollo-pavo\/#breadcrumb\"},\"inLanguage\":\"es-AR\",\"potentialAction\":[{\"@type\":\"ReadAction\",\"target\":[\"https:\/\/sadenir.com.uy\/naturalis\/product\/alimento-gatos-adultos-castrados-pollo-pavo\/\"]}]},{\"@type\":\"ImageObject\",\"inLanguage\":\"es-AR\",\"@id\":\"https:\/\/sadenir.com.uy\/naturalis\/product\/alimento-gatos-adultos-castrados-pollo-pavo\/#primaryimage\",\"url\":\"https:\/\/sadenir.com.uy\/naturalis\/wp-content\/uploads\/sites\/5\/2020\/11\/Mockup-naturalis_essencial_cat_adulto_frango_peru-DIREITA-copy.png\",\"contentUrl\":\"https:\/\/sadenir.com.uy\/naturalis\/wp-content\/uploads\/sites\/5\/2020\/11\/Mockup-naturalis_essencial_cat_adulto_frango_peru-DIREITA-copy.png\",\"width\":1687,\"height\":1802},{\"@type\":\"BreadcrumbList\",\"@id\":\"https:\/\/sadenir.com.uy\/naturalis\/product\/alimento-gatos-adultos-castrados-pollo-pavo\/#breadcrumb\",\"itemListElement\":[{\"@type\":\"ListItem\",\"position\":1,\"name\":\"Inicio\",\"item\":\"https:\/\/sadenir.com.uy\/naturalis\/\"},{\"@type\":\"ListItem\",\"position\":2,\"name\":\"Shop\",\"item\":\"https:\/\/sadenir.com.uy\/naturalis\/shop\/\"},{\"@type\":\"ListItem\",\"position\":3,\"name\":\"Naturalis Pollo y Pavo &#8211; Gatos Adultos Castrados\"}]},{\"@type\":\"WebSite\",\"@id\":\"https:\/\/sadenir.com.uy\/naturalis\/#website\",\"url\":\"https:\/\/sadenir.com.uy\/naturalis\/\",\"name\":\"Naturalis\",\"description\":\"Vivir bien es vivir m\u00e1s.\",\"potentialAction\":[{\"@type\":\"SearchAction\",\"target\":{\"@type\":\"EntryPoint\",\"urlTemplate\":\"https:\/\/sadenir.com.uy\/naturalis\/?s={search_term_string}\"},\"query-input\":{\"@type\":\"PropertyValueSpecification\",\"valueRequired\":true,\"valueName\":\"search_term_string\"}}],\"inLanguage\":\"es-AR\"}]}<\/script>\n<!-- \/ Yoast SEO plugin. -->","yoast_head_json":{"title":"Alimento para gatos adultos castrados Naturalis Pollo y Pavo","description":"Naturalis Pollo y Pavo Gatos Castrados es un alimento para gatos adultos castrados de categor\u00eda premium especial. Conoc\u00e9 m\u00e1s.","robots":{"index":"index","follow":"follow","max-snippet":"max-snippet:-1","max-image-preview":"max-image-preview:large","max-video-preview":"max-video-preview:-1"},"canonical":"https:\/\/sadenir.com.uy\/naturalis\/product\/alimento-gatos-adultos-castrados-pollo-pavo\/","og_locale":"es_ES","og_type":"article","og_title":"Alimento para gatos adultos castrados Naturalis Pollo y Pavo","og_description":"Naturalis Pollo y Pavo Gatos Castrados es un alimento para gatos adultos castrados de categor\u00eda premium especial. Conoc\u00e9 m\u00e1s.","og_url":"https:\/\/sadenir.com.uy\/naturalis\/product\/alimento-gatos-adultos-castrados-pollo-pavo\/","og_site_name":"Naturalis","article_modified_time":"2024-05-03T20:47:10+00:00","og_image":[{"width":1687,"height":1802,"url":"https:\/\/sadenir.com.uy\/naturalis\/wp-content\/uploads\/sites\/5\/2020\/11\/Mockup-naturalis_essencial_cat_adulto_frango_peru-DIREITA-copy.png","type":"image\/png"}],"twitter_card":"summary_large_image","twitter_misc":{"Tiempo de lectura":"2 minutos"},"schema":{"@context":"https:\/\/schema.org","@graph":[{"@type":"WebPage","@id":"https:\/\/sadenir.com.uy\/naturalis\/product\/alimento-gatos-adultos-castrados-pollo-pavo\/","url":"https:\/\/sadenir.com.uy\/naturalis\/product\/alimento-gatos-adultos-castrados-pollo-pavo\/","name":"Alimento para gatos adultos castrados Naturalis Pollo y Pavo","isPartOf":{"@id":"https:\/\/sadenir.com.uy\/naturalis\/#website"},"primaryImageOfPage":{"@id":"https:\/\/sadenir.com.uy\/naturalis\/product\/alimento-gatos-adultos-castrados-pollo-pavo\/#primaryimage"},"image":{"@id":"https:\/\/sadenir.com.uy\/naturalis\/product\/alimento-gatos-adultos-castrados-pollo-pavo\/#primaryimage"},"thumbnailUrl":"https:\/\/sadenir.com.uy\/naturalis\/wp-content\/uploads\/sites\/5\/2020\/11\/Mockup-naturalis_essencial_cat_adulto_frango_peru-DIREITA-copy.png","datePublished":"2020-11-30T18:49:03+00:00","dateModified":"2024-05-03T20:47:10+00:00","description":"Naturalis Pollo y Pavo Gatos Castrados es un alimento para gatos adultos castrados de categor\u00eda premium especial. Conoc\u00e9 m\u00e1s.","breadcrumb":{"@id":"https:\/\/sadenir.com.uy\/naturalis\/product\/alimento-gatos-adultos-castrados-pollo-pavo\/#breadcrumb"},"inLanguage":"es-AR","potentialAction":[{"@type":"ReadAction","target":["https:\/\/sadenir.com.uy\/naturalis\/product\/alimento-gatos-adultos-castrados-pollo-pavo\/"]}]},{"@type":"ImageObject","inLanguage":"es-AR","@id":"https:\/\/sadenir.com.uy\/naturalis\/product\/alimento-gatos-adultos-castrados-pollo-pavo\/#primaryimage","url":"https:\/\/sadenir.com.uy\/naturalis\/wp-content\/uploads\/sites\/5\/2020\/11\/Mockup-naturalis_essencial_cat_adulto_frango_peru-DIREITA-copy.png","contentUrl":"https:\/\/sadenir.com.uy\/naturalis\/wp-content\/uploads\/sites\/5\/2020\/11\/Mockup-naturalis_essencial_cat_adulto_frango_peru-DIREITA-copy.png","width":1687,"height":1802},{"@type":"BreadcrumbList","@id":"https:\/\/sadenir.com.uy\/naturalis\/product\/alimento-gatos-adultos-castrados-pollo-pavo\/#breadcrumb","itemListElement":[{"@type":"ListItem","position":1,"name":"Inicio","item":"https:\/\/sadenir.com.uy\/naturalis\/"},{"@type":"ListItem","position":2,"name":"Shop","item":"https:\/\/sadenir.com.uy\/naturalis\/shop\/"},{"@type":"ListItem","position":3,"name":"Naturalis Pollo y Pavo &#8211; Gatos Adultos Castrados"}]},{"@type":"WebSite","@id":"https:\/\/sadenir.com.uy\/naturalis\/#website","url":"https:\/\/sadenir.com.uy\/naturalis\/","name":"Naturalis","description":"Vivir bien es vivir m\u00e1s.","potentialAction":[{"@type":"SearchAction","target":{"@type":"EntryPoint","urlTemplate":"https:\/\/sadenir.com.uy\/naturalis\/?s={search_term_string}"},"query-input":{"@type":"PropertyValueSpecification","valueRequired":true,"valueName":"search_term_string"}}],"inLanguage":"es-AR"}]}},"_links":{"self":[{"href":"https:\/\/sadenir.com.uy\/naturalis\/wp-json\/wp\/v2\/product\/6125","targetHints":{"allow":["GET"]}}],"collection":[{"href":"https:\/\/sadenir.com.uy\/naturalis\/wp-json\/wp\/v2\/product"}],"about":[{"href":"https:\/\/sadenir.com.uy\/naturalis\/wp-json\/wp\/v2\/types\/product"}],"wp:featuredmedia":[{"embeddable":true,"href":"https:\/\/sadenir.com.uy\/naturalis\/wp-json\/wp\/v2\/media\/6247"}],"wp:attachment":[{"href":"https:\/\/sadenir.com.uy\/naturalis\/wp-json\/wp\/v2\/media?parent=6125"}],"wp:term":[{"taxonomy":"product_brand","embeddable":true,"href":"https:\/\/sadenir.com.uy\/naturalis\/wp-json\/wp\/v2\/product_brand?post=6125"},{"taxonomy":"product_cat","embeddable":true,"href":"https:\/\/sadenir.com.uy\/naturalis\/wp-json\/wp\/v2\/product_cat?post=6125"},{"taxonomy":"product_tag","embeddable":true,"href":"https:\/\/sadenir.com.uy\/naturalis\/wp-json\/wp\/v2\/product_tag?post=6125"}],"curies":[{"name":"wp","href":"https:\/\/api.w.org\/{rel}","templated":true}]}}