{"id":6099,"date":"2020-09-25T18:32:12","date_gmt":"2020-09-25T18:32:12","guid":{"rendered":"https:\/\/sadenir.com.uy\/sadenirNew\/royalhorse\/?post_type=product&#038;p=6099"},"modified":"2020-09-25T18:33:05","modified_gmt":"2020-09-25T18:33:05","slug":"h-400","status":"publish","type":"product","link":"https:\/\/sadenir.com.uy\/royalhorse\/product\/h-400\/","title":{"rendered":"H-400"},"content":{"rendered":"<p>Royal Horse, es una marca global del grupo Neovia, especializado en nutrici\u00f3n y salud animal con m\u00e1s de 60 a\u00f1os de experiencia en soluciones multi especies y actuaci\u00f3n en 28 pa\u00edses, con m\u00e1s de 8300 colaboradores, 76 plantas productivas y 11 centros de nutrici\u00f3n repartidos por el mundo.<\/p>\n<p>En Brasil, posee 2600 colaboradores y 14 plantas productivas localizadas estrat\u00e9gicamente para atender con calidad y agilidad a los clientes de todos los pa\u00edses.<\/p>\n<p>Con las l\u00edneas \u201cS\u201d (Support). \u201cB\u201d (Breeding), \u201cC\u201d y \u201cH\u201d (High), Royal Horse ofrece un portfolio completo de soluciones de alto desempe\u00f1o que potencian resultados y t\u00edtulos en todo el planeta. Use Royal Horse y sea Usted tambi\u00e9n un campe\u00f3n.<\/p>\n<p><img decoding=\"async\" src=\"http:\/\/sadenir.com.uy\/wp-content\/uploads\/2019\/09\/H-400.jpg\" \/><\/p>\n<p><img decoding=\"async\" src=\"http:\/\/sadenir.com.uy\/wp-content\/uploads\/2019\/09\/H-LINE-FISIONOMIA-DEL-PRODUCTO-1.jpg\" \/><\/p>\n<p><img decoding=\"async\" src=\"http:\/\/sadenir.com.uy\/wp-content\/uploads\/2019\/09\/HIGH.jpg\" \/><\/p>\n<p><img decoding=\"async\" src=\"http:\/\/sadenir.com.uy\/wp-content\/uploads\/2019\/09\/INFO-NUTRI.jpg\" \/><\/p>\n<p>&nbsp;<\/p>\n","protected":false},"excerpt":{"rendered":"<p>Hace aproximadamente 50 a\u00f1os ROYAL HORSE proporciona alto rendimiento en todo el mundo con soluciones desarrolladas por nutricionistas y veterinarios especializados en equinos. Se atienden diferentes necesidades con soluciones balanceadas y con materia prima de alto valor agregado, garantizando as\u00ed. El mejor desempe\u00f1o de los caballos. Sean montado por placer, deporte, competencia, carrera, o en fases de reproducci\u00f3n.<\/p>\n","protected":false},"featured_media":6096,"template":"","meta":{"pgc_sgb_lightbox_settings":""},"product_brand":[],"product_cat":[74],"product_tag":[],"class_list":{"0":"post-6099","1":"product","2":"type-product","3":"status-publish","4":"has-post-thumbnail","6":"product_cat-equinos","8":"first","9":"instock","10":"shipping-taxable","11":"product-type-simple"},"yoast_head":"<!-- This site is optimized with the Yoast SEO plugin v26.1.1 - https:\/\/yoast.com\/wordpress\/plugins\/seo\/ -->\n<title>H-400 - Royal Horse<\/title>\n<meta name=\"robots\" content=\"index, follow, max-snippet:-1, max-image-preview:large, max-video-preview:-1\" \/>\n<link rel=\"canonical\" href=\"https:\/\/sadenir.com.uy\/royalhorse\/product\/h-400\/\" \/>\n<meta property=\"og:locale\" content=\"es_ES\" \/>\n<meta property=\"og:type\" content=\"article\" \/>\n<meta property=\"og:title\" content=\"H-400 - Royal Horse\" \/>\n<meta property=\"og:description\" content=\"Hace aproximadamente 50 a\u00f1os ROYAL HORSE proporciona alto rendimiento en todo el mundo con soluciones desarrolladas por nutricionistas y veterinarios especializados en equinos. Se atienden diferentes necesidades con soluciones balanceadas y con materia prima de alto valor agregado, garantizando as\u00ed. El mejor desempe\u00f1o de los caballos. Sean montado por placer, deporte, competencia, carrera, o en fases de reproducci\u00f3n.\" \/>\n<meta property=\"og:url\" content=\"https:\/\/sadenir.com.uy\/royalhorse\/product\/h-400\/\" \/>\n<meta property=\"og:site_name\" content=\"Royal Horse\" \/>\n<meta property=\"article:modified_time\" content=\"2020-09-25T18:33:05+00:00\" \/>\n<meta property=\"og:image\" content=\"https:\/\/sadenir.com.uy\/royalhorse\/wp-content\/uploads\/sites\/6\/2020\/09\/h_400.jpg\" \/>\n\t<meta property=\"og:image:width\" content=\"801\" \/>\n\t<meta property=\"og:image:height\" content=\"800\" \/>\n\t<meta property=\"og:image:type\" content=\"image\/jpeg\" \/>\n<meta name=\"twitter:card\" content=\"summary_large_image\" \/>\n<meta name=\"twitter:label1\" content=\"Tiempo de lectura\" \/>\n\t<meta name=\"twitter:data1\" content=\"1 minuto\" \/>\n<script type=\"application\/ld+json\" class=\"yoast-schema-graph\">{\"@context\":\"https:\/\/schema.org\",\"@graph\":[{\"@type\":\"WebPage\",\"@id\":\"https:\/\/sadenir.com.uy\/royalhorse\/product\/h-400\/\",\"url\":\"https:\/\/sadenir.com.uy\/royalhorse\/product\/h-400\/\",\"name\":\"H-400 - Royal Horse\",\"isPartOf\":{\"@id\":\"https:\/\/sadenir.com.uy\/royalhorse\/#website\"},\"primaryImageOfPage\":{\"@id\":\"https:\/\/sadenir.com.uy\/royalhorse\/product\/h-400\/#primaryimage\"},\"image\":{\"@id\":\"https:\/\/sadenir.com.uy\/royalhorse\/product\/h-400\/#primaryimage\"},\"thumbnailUrl\":\"https:\/\/sadenir.com.uy\/royalhorse\/wp-content\/uploads\/sites\/6\/2020\/09\/h_400.jpg\",\"datePublished\":\"2020-09-25T18:32:12+00:00\",\"dateModified\":\"2020-09-25T18:33:05+00:00\",\"breadcrumb\":{\"@id\":\"https:\/\/sadenir.com.uy\/royalhorse\/product\/h-400\/#breadcrumb\"},\"inLanguage\":\"es-AR\",\"potentialAction\":[{\"@type\":\"ReadAction\",\"target\":[\"https:\/\/sadenir.com.uy\/royalhorse\/product\/h-400\/\"]}]},{\"@type\":\"ImageObject\",\"inLanguage\":\"es-AR\",\"@id\":\"https:\/\/sadenir.com.uy\/royalhorse\/product\/h-400\/#primaryimage\",\"url\":\"https:\/\/sadenir.com.uy\/royalhorse\/wp-content\/uploads\/sites\/6\/2020\/09\/h_400.jpg\",\"contentUrl\":\"https:\/\/sadenir.com.uy\/royalhorse\/wp-content\/uploads\/sites\/6\/2020\/09\/h_400.jpg\",\"width\":801,\"height\":800},{\"@type\":\"BreadcrumbList\",\"@id\":\"https:\/\/sadenir.com.uy\/royalhorse\/product\/h-400\/#breadcrumb\",\"itemListElement\":[{\"@type\":\"ListItem\",\"position\":1,\"name\":\"Inicio\",\"item\":\"https:\/\/sadenir.com.uy\/royalhorse\/\"},{\"@type\":\"ListItem\",\"position\":2,\"name\":\"Productos\",\"item\":\"https:\/\/sadenir.com.uy\/royalhorse\/productos\/\"},{\"@type\":\"ListItem\",\"position\":3,\"name\":\"H-400\"}]},{\"@type\":\"WebSite\",\"@id\":\"https:\/\/sadenir.com.uy\/royalhorse\/#website\",\"url\":\"https:\/\/sadenir.com.uy\/royalhorse\/\",\"name\":\"Royal Horse\",\"description\":\"Excelencia en nutrici\u00f3n\",\"potentialAction\":[{\"@type\":\"SearchAction\",\"target\":{\"@type\":\"EntryPoint\",\"urlTemplate\":\"https:\/\/sadenir.com.uy\/royalhorse\/?s={search_term_string}\"},\"query-input\":{\"@type\":\"PropertyValueSpecification\",\"valueRequired\":true,\"valueName\":\"search_term_string\"}}],\"inLanguage\":\"es-AR\"}]}<\/script>\n<!-- \/ Yoast SEO plugin. -->","yoast_head_json":{"title":"H-400 - Royal Horse","robots":{"index":"index","follow":"follow","max-snippet":"max-snippet:-1","max-image-preview":"max-image-preview:large","max-video-preview":"max-video-preview:-1"},"canonical":"https:\/\/sadenir.com.uy\/royalhorse\/product\/h-400\/","og_locale":"es_ES","og_type":"article","og_title":"H-400 - Royal Horse","og_description":"Hace aproximadamente 50 a\u00f1os ROYAL HORSE proporciona alto rendimiento en todo el mundo con soluciones desarrolladas por nutricionistas y veterinarios especializados en equinos. Se atienden diferentes necesidades con soluciones balanceadas y con materia prima de alto valor agregado, garantizando as\u00ed. El mejor desempe\u00f1o de los caballos. Sean montado por placer, deporte, competencia, carrera, o en fases de reproducci\u00f3n.","og_url":"https:\/\/sadenir.com.uy\/royalhorse\/product\/h-400\/","og_site_name":"Royal Horse","article_modified_time":"2020-09-25T18:33:05+00:00","og_image":[{"width":801,"height":800,"url":"https:\/\/sadenir.com.uy\/royalhorse\/wp-content\/uploads\/sites\/6\/2020\/09\/h_400.jpg","type":"image\/jpeg"}],"twitter_card":"summary_large_image","twitter_misc":{"Tiempo de lectura":"1 minuto"},"schema":{"@context":"https:\/\/schema.org","@graph":[{"@type":"WebPage","@id":"https:\/\/sadenir.com.uy\/royalhorse\/product\/h-400\/","url":"https:\/\/sadenir.com.uy\/royalhorse\/product\/h-400\/","name":"H-400 - Royal Horse","isPartOf":{"@id":"https:\/\/sadenir.com.uy\/royalhorse\/#website"},"primaryImageOfPage":{"@id":"https:\/\/sadenir.com.uy\/royalhorse\/product\/h-400\/#primaryimage"},"image":{"@id":"https:\/\/sadenir.com.uy\/royalhorse\/product\/h-400\/#primaryimage"},"thumbnailUrl":"https:\/\/sadenir.com.uy\/royalhorse\/wp-content\/uploads\/sites\/6\/2020\/09\/h_400.jpg","datePublished":"2020-09-25T18:32:12+00:00","dateModified":"2020-09-25T18:33:05+00:00","breadcrumb":{"@id":"https:\/\/sadenir.com.uy\/royalhorse\/product\/h-400\/#breadcrumb"},"inLanguage":"es-AR","potentialAction":[{"@type":"ReadAction","target":["https:\/\/sadenir.com.uy\/royalhorse\/product\/h-400\/"]}]},{"@type":"ImageObject","inLanguage":"es-AR","@id":"https:\/\/sadenir.com.uy\/royalhorse\/product\/h-400\/#primaryimage","url":"https:\/\/sadenir.com.uy\/royalhorse\/wp-content\/uploads\/sites\/6\/2020\/09\/h_400.jpg","contentUrl":"https:\/\/sadenir.com.uy\/royalhorse\/wp-content\/uploads\/sites\/6\/2020\/09\/h_400.jpg","width":801,"height":800},{"@type":"BreadcrumbList","@id":"https:\/\/sadenir.com.uy\/royalhorse\/product\/h-400\/#breadcrumb","itemListElement":[{"@type":"ListItem","position":1,"name":"Inicio","item":"https:\/\/sadenir.com.uy\/royalhorse\/"},{"@type":"ListItem","position":2,"name":"Productos","item":"https:\/\/sadenir.com.uy\/royalhorse\/productos\/"},{"@type":"ListItem","position":3,"name":"H-400"}]},{"@type":"WebSite","@id":"https:\/\/sadenir.com.uy\/royalhorse\/#website","url":"https:\/\/sadenir.com.uy\/royalhorse\/","name":"Royal Horse","description":"Excelencia en nutrici\u00f3n","potentialAction":[{"@type":"SearchAction","target":{"@type":"EntryPoint","urlTemplate":"https:\/\/sadenir.com.uy\/royalhorse\/?s={search_term_string}"},"query-input":{"@type":"PropertyValueSpecification","valueRequired":true,"valueName":"search_term_string"}}],"inLanguage":"es-AR"}]}},"_links":{"self":[{"href":"https:\/\/sadenir.com.uy\/royalhorse\/wp-json\/wp\/v2\/product\/6099","targetHints":{"allow":["GET"]}}],"collection":[{"href":"https:\/\/sadenir.com.uy\/royalhorse\/wp-json\/wp\/v2\/product"}],"about":[{"href":"https:\/\/sadenir.com.uy\/royalhorse\/wp-json\/wp\/v2\/types\/product"}],"wp:featuredmedia":[{"embeddable":true,"href":"https:\/\/sadenir.com.uy\/royalhorse\/wp-json\/wp\/v2\/media\/6096"}],"wp:attachment":[{"href":"https:\/\/sadenir.com.uy\/royalhorse\/wp-json\/wp\/v2\/media?parent=6099"}],"wp:term":[{"taxonomy":"product_brand","embeddable":true,"href":"https:\/\/sadenir.com.uy\/royalhorse\/wp-json\/wp\/v2\/product_brand?post=6099"},{"taxonomy":"product_cat","embeddable":true,"href":"https:\/\/sadenir.com.uy\/royalhorse\/wp-json\/wp\/v2\/product_cat?post=6099"},{"taxonomy":"product_tag","embeddable":true,"href":"https:\/\/sadenir.com.uy\/royalhorse\/wp-json\/wp\/v2\/product_tag?post=6099"}],"curies":[{"name":"wp","href":"https:\/\/api.w.org\/{rel}","templated":true}]}}