{"id":6186,"date":"2024-05-02T19:52:09","date_gmt":"2024-05-02T19:52:09","guid":{"rendered":"https:\/\/sadenir.com.uy\/royalhorse\/?post_type=product&#038;p=6186"},"modified":"2024-05-02T19:52:09","modified_gmt":"2024-05-02T19:52:09","slug":"c-320","status":"publish","type":"product","link":"https:\/\/sadenir.com.uy\/royalhorse\/product\/c-320\/","title":{"rendered":"C-320"},"content":{"rendered":"<p>Calcio (%) 12 F\u00f3sforo (%) 4 Sodio (%) 10 Cobre (mg\/kg) 1000 Cromo (mg\/kg) 50 Hierro (mg\/kg) 2000 Selenio (mg\/kg) 12 Zinc (mg\/kg) 3500 Vitamina A (UI\/kg) 120000<br \/>\nMineralizaci\u00f3n correcta para animales que no reciben raci\u00f3n, complemento a la dieta.<\/p>\n<div dir=\"ltr\">\n<div class=\"input-box\" spellcheck=\"false\">\n<div id=\"waffle-rich-text-editor\" class=\"cell-input editable disabled-input\" dir=\"ltr\" tabindex=\"0\" role=\"combobox\" contenteditable=\"false\" aria-autocomplete=\"list\" aria-label=\"F84\">15kg<\/div>\n<\/div>\n<\/div>\n<div><\/div>\n","protected":false},"excerpt":{"rendered":"<p>Hace aproximadamente 50 a\u00f1os ROYAL HORSE proporciona alto rendimiento en todo el mundo con soluciones desarrolladas por nutricionistas y veterinarios especializados en equinos. Se atienden diferentes necesidades con soluciones balanceadas y con materia prima de alto valor agregado, garantizando as\u00ed. El mejor desempe\u00f1o de los caballos. Sean montado por placer, deporte, competencia, carrera, o en fases de reproducci\u00f3n.<\/p>\n","protected":false},"featured_media":6187,"template":"","meta":{"pgc_sgb_lightbox_settings":""},"product_brand":[],"product_cat":[74],"product_tag":[],"class_list":{"0":"post-6186","1":"product","2":"type-product","3":"status-publish","4":"has-post-thumbnail","6":"product_cat-equinos","8":"first","9":"instock","10":"shipping-taxable","11":"product-type-simple"},"yoast_head":"<!-- This site is optimized with the Yoast SEO plugin v26.1.1 - https:\/\/yoast.com\/wordpress\/plugins\/seo\/ -->\n<title>C-320 - Royal Horse<\/title>\n<meta name=\"robots\" content=\"index, follow, max-snippet:-1, max-image-preview:large, max-video-preview:-1\" \/>\n<link rel=\"canonical\" href=\"https:\/\/sadenir.com.uy\/royalhorse\/product\/c-320\/\" \/>\n<meta property=\"og:locale\" content=\"es_ES\" \/>\n<meta property=\"og:type\" content=\"article\" \/>\n<meta property=\"og:title\" content=\"C-320 - Royal Horse\" \/>\n<meta property=\"og:description\" content=\"Hace aproximadamente 50 a\u00f1os ROYAL HORSE proporciona alto rendimiento en todo el mundo con soluciones desarrolladas por nutricionistas y veterinarios especializados en equinos. Se atienden diferentes necesidades con soluciones balanceadas y con materia prima de alto valor agregado, garantizando as\u00ed. El mejor desempe\u00f1o de los caballos. Sean montado por placer, deporte, competencia, carrera, o en fases de reproducci\u00f3n.\" \/>\n<meta property=\"og:url\" content=\"https:\/\/sadenir.com.uy\/royalhorse\/product\/c-320\/\" \/>\n<meta property=\"og:site_name\" content=\"Royal Horse\" \/>\n<meta property=\"og:image\" content=\"https:\/\/sadenir.com.uy\/royalhorse\/wp-content\/uploads\/sites\/6\/2024\/05\/MINERAL-C-320-1-pbw6k15nmj9jzcy8g97poi8h1ysekyj0welan629s0.png\" \/>\n\t<meta property=\"og:image:width\" content=\"455\" \/>\n\t<meta property=\"og:image:height\" content=\"519\" \/>\n\t<meta property=\"og:image:type\" content=\"image\/png\" \/>\n<meta name=\"twitter:card\" content=\"summary_large_image\" \/>\n<script type=\"application\/ld+json\" class=\"yoast-schema-graph\">{\"@context\":\"https:\/\/schema.org\",\"@graph\":[{\"@type\":\"WebPage\",\"@id\":\"https:\/\/sadenir.com.uy\/royalhorse\/product\/c-320\/\",\"url\":\"https:\/\/sadenir.com.uy\/royalhorse\/product\/c-320\/\",\"name\":\"C-320 - Royal Horse\",\"isPartOf\":{\"@id\":\"https:\/\/sadenir.com.uy\/royalhorse\/#website\"},\"primaryImageOfPage\":{\"@id\":\"https:\/\/sadenir.com.uy\/royalhorse\/product\/c-320\/#primaryimage\"},\"image\":{\"@id\":\"https:\/\/sadenir.com.uy\/royalhorse\/product\/c-320\/#primaryimage\"},\"thumbnailUrl\":\"https:\/\/sadenir.com.uy\/royalhorse\/wp-content\/uploads\/sites\/6\/2024\/05\/MINERAL-C-320-1-pbw6k15nmj9jzcy8g97poi8h1ysekyj0welan629s0.png\",\"datePublished\":\"2024-05-02T19:52:09+00:00\",\"breadcrumb\":{\"@id\":\"https:\/\/sadenir.com.uy\/royalhorse\/product\/c-320\/#breadcrumb\"},\"inLanguage\":\"es-AR\",\"potentialAction\":[{\"@type\":\"ReadAction\",\"target\":[\"https:\/\/sadenir.com.uy\/royalhorse\/product\/c-320\/\"]}]},{\"@type\":\"ImageObject\",\"inLanguage\":\"es-AR\",\"@id\":\"https:\/\/sadenir.com.uy\/royalhorse\/product\/c-320\/#primaryimage\",\"url\":\"https:\/\/sadenir.com.uy\/royalhorse\/wp-content\/uploads\/sites\/6\/2024\/05\/MINERAL-C-320-1-pbw6k15nmj9jzcy8g97poi8h1ysekyj0welan629s0.png\",\"contentUrl\":\"https:\/\/sadenir.com.uy\/royalhorse\/wp-content\/uploads\/sites\/6\/2024\/05\/MINERAL-C-320-1-pbw6k15nmj9jzcy8g97poi8h1ysekyj0welan629s0.png\",\"width\":455,\"height\":519},{\"@type\":\"BreadcrumbList\",\"@id\":\"https:\/\/sadenir.com.uy\/royalhorse\/product\/c-320\/#breadcrumb\",\"itemListElement\":[{\"@type\":\"ListItem\",\"position\":1,\"name\":\"Inicio\",\"item\":\"https:\/\/sadenir.com.uy\/royalhorse\/\"},{\"@type\":\"ListItem\",\"position\":2,\"name\":\"Productos\",\"item\":\"https:\/\/sadenir.com.uy\/royalhorse\/productos\/\"},{\"@type\":\"ListItem\",\"position\":3,\"name\":\"C-320\"}]},{\"@type\":\"WebSite\",\"@id\":\"https:\/\/sadenir.com.uy\/royalhorse\/#website\",\"url\":\"https:\/\/sadenir.com.uy\/royalhorse\/\",\"name\":\"Royal Horse\",\"description\":\"Excelencia en nutrici\u00f3n\",\"potentialAction\":[{\"@type\":\"SearchAction\",\"target\":{\"@type\":\"EntryPoint\",\"urlTemplate\":\"https:\/\/sadenir.com.uy\/royalhorse\/?s={search_term_string}\"},\"query-input\":{\"@type\":\"PropertyValueSpecification\",\"valueRequired\":true,\"valueName\":\"search_term_string\"}}],\"inLanguage\":\"es-AR\"}]}<\/script>\n<!-- \/ Yoast SEO plugin. -->","yoast_head_json":{"title":"C-320 - Royal Horse","robots":{"index":"index","follow":"follow","max-snippet":"max-snippet:-1","max-image-preview":"max-image-preview:large","max-video-preview":"max-video-preview:-1"},"canonical":"https:\/\/sadenir.com.uy\/royalhorse\/product\/c-320\/","og_locale":"es_ES","og_type":"article","og_title":"C-320 - Royal Horse","og_description":"Hace aproximadamente 50 a\u00f1os ROYAL HORSE proporciona alto rendimiento en todo el mundo con soluciones desarrolladas por nutricionistas y veterinarios especializados en equinos. Se atienden diferentes necesidades con soluciones balanceadas y con materia prima de alto valor agregado, garantizando as\u00ed. El mejor desempe\u00f1o de los caballos. Sean montado por placer, deporte, competencia, carrera, o en fases de reproducci\u00f3n.","og_url":"https:\/\/sadenir.com.uy\/royalhorse\/product\/c-320\/","og_site_name":"Royal Horse","og_image":[{"width":455,"height":519,"url":"https:\/\/sadenir.com.uy\/royalhorse\/wp-content\/uploads\/sites\/6\/2024\/05\/MINERAL-C-320-1-pbw6k15nmj9jzcy8g97poi8h1ysekyj0welan629s0.png","type":"image\/png"}],"twitter_card":"summary_large_image","schema":{"@context":"https:\/\/schema.org","@graph":[{"@type":"WebPage","@id":"https:\/\/sadenir.com.uy\/royalhorse\/product\/c-320\/","url":"https:\/\/sadenir.com.uy\/royalhorse\/product\/c-320\/","name":"C-320 - Royal Horse","isPartOf":{"@id":"https:\/\/sadenir.com.uy\/royalhorse\/#website"},"primaryImageOfPage":{"@id":"https:\/\/sadenir.com.uy\/royalhorse\/product\/c-320\/#primaryimage"},"image":{"@id":"https:\/\/sadenir.com.uy\/royalhorse\/product\/c-320\/#primaryimage"},"thumbnailUrl":"https:\/\/sadenir.com.uy\/royalhorse\/wp-content\/uploads\/sites\/6\/2024\/05\/MINERAL-C-320-1-pbw6k15nmj9jzcy8g97poi8h1ysekyj0welan629s0.png","datePublished":"2024-05-02T19:52:09+00:00","breadcrumb":{"@id":"https:\/\/sadenir.com.uy\/royalhorse\/product\/c-320\/#breadcrumb"},"inLanguage":"es-AR","potentialAction":[{"@type":"ReadAction","target":["https:\/\/sadenir.com.uy\/royalhorse\/product\/c-320\/"]}]},{"@type":"ImageObject","inLanguage":"es-AR","@id":"https:\/\/sadenir.com.uy\/royalhorse\/product\/c-320\/#primaryimage","url":"https:\/\/sadenir.com.uy\/royalhorse\/wp-content\/uploads\/sites\/6\/2024\/05\/MINERAL-C-320-1-pbw6k15nmj9jzcy8g97poi8h1ysekyj0welan629s0.png","contentUrl":"https:\/\/sadenir.com.uy\/royalhorse\/wp-content\/uploads\/sites\/6\/2024\/05\/MINERAL-C-320-1-pbw6k15nmj9jzcy8g97poi8h1ysekyj0welan629s0.png","width":455,"height":519},{"@type":"BreadcrumbList","@id":"https:\/\/sadenir.com.uy\/royalhorse\/product\/c-320\/#breadcrumb","itemListElement":[{"@type":"ListItem","position":1,"name":"Inicio","item":"https:\/\/sadenir.com.uy\/royalhorse\/"},{"@type":"ListItem","position":2,"name":"Productos","item":"https:\/\/sadenir.com.uy\/royalhorse\/productos\/"},{"@type":"ListItem","position":3,"name":"C-320"}]},{"@type":"WebSite","@id":"https:\/\/sadenir.com.uy\/royalhorse\/#website","url":"https:\/\/sadenir.com.uy\/royalhorse\/","name":"Royal Horse","description":"Excelencia en nutrici\u00f3n","potentialAction":[{"@type":"SearchAction","target":{"@type":"EntryPoint","urlTemplate":"https:\/\/sadenir.com.uy\/royalhorse\/?s={search_term_string}"},"query-input":{"@type":"PropertyValueSpecification","valueRequired":true,"valueName":"search_term_string"}}],"inLanguage":"es-AR"}]}},"_links":{"self":[{"href":"https:\/\/sadenir.com.uy\/royalhorse\/wp-json\/wp\/v2\/product\/6186","targetHints":{"allow":["GET"]}}],"collection":[{"href":"https:\/\/sadenir.com.uy\/royalhorse\/wp-json\/wp\/v2\/product"}],"about":[{"href":"https:\/\/sadenir.com.uy\/royalhorse\/wp-json\/wp\/v2\/types\/product"}],"wp:featuredmedia":[{"embeddable":true,"href":"https:\/\/sadenir.com.uy\/royalhorse\/wp-json\/wp\/v2\/media\/6187"}],"wp:attachment":[{"href":"https:\/\/sadenir.com.uy\/royalhorse\/wp-json\/wp\/v2\/media?parent=6186"}],"wp:term":[{"taxonomy":"product_brand","embeddable":true,"href":"https:\/\/sadenir.com.uy\/royalhorse\/wp-json\/wp\/v2\/product_brand?post=6186"},{"taxonomy":"product_cat","embeddable":true,"href":"https:\/\/sadenir.com.uy\/royalhorse\/wp-json\/wp\/v2\/product_cat?post=6186"},{"taxonomy":"product_tag","embeddable":true,"href":"https:\/\/sadenir.com.uy\/royalhorse\/wp-json\/wp\/v2\/product_tag?post=6186"}],"curies":[{"name":"wp","href":"https:\/\/api.w.org\/{rel}","templated":true}]}}