{"id":6123,"date":"2020-09-28T19:50:51","date_gmt":"2020-09-28T19:50:51","guid":{"rendered":"https:\/\/sadenir.com.uy\/sadenirNew\/vetnil\/?post_type=product&#038;p=6123"},"modified":"2020-09-28T19:52:32","modified_gmt":"2020-09-28T19:52:32","slug":"pelo-derme-gold-30","status":"publish","type":"product","link":"https:\/\/sadenir.com.uy\/vetnil\/product\/pelo-derme-gold-30\/","title":{"rendered":"Pelo &#038; Derme Gold 30"},"content":{"rendered":"<p>Indicaci\u00f3n del producto:<br \/>\nF\u00f3rmula moderna y equilibrada que contiene los principales \u00e1cidos grasos esenciales en la dieta de los peque\u00f1os animales asociados a la biotina, zinc, vitamina A y vitamina E, elementos que, combinados, act\u00faan manteniendo la morfolog\u00eda ideal y funcional abrigo pl\u00e1stico y piel.\u2028Indicaci\u00f3n del producto<br \/>\nSuplemento que contiene \u00e1cidos grasos esenciales como Omega 3 (\u00e1cido eicosapentaenoico y \u00e1cido docosahexaenoico) y Omega 6 (\u00e1cido linoleico), vitaminas y minerales, que act\u00faan sobre la dermis y los perros y los gatos. Indicado para la reducci\u00f3n de la ca\u00edda y la recuperaci\u00f3n y el fortalecimiento de la piel y del animal.<br \/>\nNiveles de garant\u00eda por Kg de producto Por Pelo &amp; Derme 750:<\/p>\n<p><img decoding=\"async\" src=\"http:\/\/sadenir.com.uy\/wp-content\/uploads\/2018\/02\/cuadro-1-pelo.jpg\" \/><\/p>\n<p>Niveles de garant\u00eda por Kg de producto Por Pelo &amp; Derme 1500:<\/p>\n<p><img decoding=\"async\" src=\"http:\/\/sadenir.com.uy\/wp-content\/uploads\/2018\/02\/cuadro-2-pelo.jpg\" \/><\/p>\n<p>Modo de uso:<br \/>\nPara ser utilizado por v\u00eda oral.<br \/>\nPor Pelo &amp; Derme 750:<br \/>\nLa administraci\u00f3n de una c\u00e1psula al d\u00eda durante un m\u00e1ximo de 10 kg de peso corporal del animal, durante 4 a 8 semanas. Las c\u00e1psulas se pueden administrar directamente en la boca o mezclarse con alimentos o sus contenidos a\u00f1adidos a una jeringa y se administran directamente en la boca o la comida.<br \/>\nPor Pelo &amp; Derme 1500:<br \/>\nLa administraci\u00f3n de una c\u00e1psula por d\u00eda a los animales entre 10 y 20 kg de peso corporal, m\u00e1s de 4 a 8 semanas. \u2028Para los animales de m\u00e1s de 20 kg de peso: Administrar 2 c\u00e1psulas al d\u00eda. Las c\u00e1psulas se pueden proporcionar directamente en la boca, mezclado con el alimento, o de sus contenidos a\u00f1adidos a una jeringa y se administran directamente en la boca o la comida.<br \/>\nGatos: 1 g, una vez al d\u00eda.<br \/>\nPresentaci\u00f3n:<br \/>\nPor Pelo &amp; Derme 750: Frasco de 60 c\u00e1psulas.<br \/>\nPor Pelo &amp; Derme 1500: Frasco con 60 c\u00e1psulas.<\/p>\n<p>&nbsp;<\/p>\n","protected":false},"excerpt":{"rendered":"<p>Suplemento Vitaminico mineral amino\u00e1cido para canes y gatos<\/p>\n<h3>Los \u00e1cidos grasos esenciales (omega 3 \u2013 omega 6), Biotina y Zinc.<\/h3>\n<p>&nbsp;<\/p>\n","protected":false},"featured_media":6098,"template":"","meta":{"pgc_sgb_lightbox_settings":""},"product_brand":[],"product_cat":[75],"product_tag":[],"class_list":{"0":"post-6123","1":"product","2":"type-product","3":"status-publish","4":"has-post-thumbnail","6":"product_cat-pets","8":"first","9":"instock","10":"shipping-taxable","11":"product-type-simple"},"yoast_head":"<!-- This site is optimized with the Yoast SEO plugin v26.1.1 - https:\/\/yoast.com\/wordpress\/plugins\/seo\/ -->\n<title>Pelo &amp; Derme Gold 30 - Vetnil<\/title>\n<meta name=\"robots\" content=\"index, follow, max-snippet:-1, max-image-preview:large, max-video-preview:-1\" \/>\n<link rel=\"canonical\" href=\"https:\/\/sadenir.com.uy\/vetnil\/product\/pelo-derme-gold-30\/\" \/>\n<meta property=\"og:locale\" content=\"es_ES\" \/>\n<meta property=\"og:type\" content=\"article\" \/>\n<meta property=\"og:title\" content=\"Pelo &amp; Derme Gold 30 - Vetnil\" \/>\n<meta property=\"og:description\" content=\"Suplemento Vitaminico mineral amino\u00e1cido para canes y gatos Los \u00e1cidos grasos esenciales (omega 3 \u2013 omega 6), Biotina y Zinc. &nbsp;\" \/>\n<meta property=\"og:url\" content=\"https:\/\/sadenir.com.uy\/vetnil\/product\/pelo-derme-gold-30\/\" \/>\n<meta property=\"og:site_name\" content=\"Vetnil\" \/>\n<meta property=\"article:modified_time\" content=\"2020-09-28T19:52:32+00:00\" \/>\n<meta property=\"og:image\" content=\"https:\/\/sadenir.com.uy\/vetnil\/wp-content\/uploads\/sites\/8\/2020\/09\/pelo_derme.jpg\" \/>\n\t<meta property=\"og:image:width\" content=\"801\" \/>\n\t<meta property=\"og:image:height\" content=\"800\" \/>\n\t<meta property=\"og:image:type\" content=\"image\/jpeg\" \/>\n<meta name=\"twitter:card\" content=\"summary_large_image\" \/>\n<meta name=\"twitter:label1\" content=\"Tiempo de lectura\" \/>\n\t<meta name=\"twitter:data1\" content=\"2 minutos\" \/>\n<script type=\"application\/ld+json\" class=\"yoast-schema-graph\">{\"@context\":\"https:\/\/schema.org\",\"@graph\":[{\"@type\":\"WebPage\",\"@id\":\"https:\/\/sadenir.com.uy\/vetnil\/product\/pelo-derme-gold-30\/\",\"url\":\"https:\/\/sadenir.com.uy\/vetnil\/product\/pelo-derme-gold-30\/\",\"name\":\"Pelo & Derme Gold 30 - Vetnil\",\"isPartOf\":{\"@id\":\"https:\/\/sadenir.com.uy\/vetnil\/#website\"},\"primaryImageOfPage\":{\"@id\":\"https:\/\/sadenir.com.uy\/vetnil\/product\/pelo-derme-gold-30\/#primaryimage\"},\"image\":{\"@id\":\"https:\/\/sadenir.com.uy\/vetnil\/product\/pelo-derme-gold-30\/#primaryimage\"},\"thumbnailUrl\":\"https:\/\/sadenir.com.uy\/vetnil\/wp-content\/uploads\/sites\/8\/2020\/09\/pelo_derme.jpg\",\"datePublished\":\"2020-09-28T19:50:51+00:00\",\"dateModified\":\"2020-09-28T19:52:32+00:00\",\"breadcrumb\":{\"@id\":\"https:\/\/sadenir.com.uy\/vetnil\/product\/pelo-derme-gold-30\/#breadcrumb\"},\"inLanguage\":\"es-AR\",\"potentialAction\":[{\"@type\":\"ReadAction\",\"target\":[\"https:\/\/sadenir.com.uy\/vetnil\/product\/pelo-derme-gold-30\/\"]}]},{\"@type\":\"ImageObject\",\"inLanguage\":\"es-AR\",\"@id\":\"https:\/\/sadenir.com.uy\/vetnil\/product\/pelo-derme-gold-30\/#primaryimage\",\"url\":\"https:\/\/sadenir.com.uy\/vetnil\/wp-content\/uploads\/sites\/8\/2020\/09\/pelo_derme.jpg\",\"contentUrl\":\"https:\/\/sadenir.com.uy\/vetnil\/wp-content\/uploads\/sites\/8\/2020\/09\/pelo_derme.jpg\",\"width\":801,\"height\":800},{\"@type\":\"BreadcrumbList\",\"@id\":\"https:\/\/sadenir.com.uy\/vetnil\/product\/pelo-derme-gold-30\/#breadcrumb\",\"itemListElement\":[{\"@type\":\"ListItem\",\"position\":1,\"name\":\"Inicio\",\"item\":\"https:\/\/sadenir.com.uy\/vetnil\/\"},{\"@type\":\"ListItem\",\"position\":2,\"name\":\"Productos\",\"item\":\"https:\/\/sadenir.com.uy\/vetnil\/productos\/\"},{\"@type\":\"ListItem\",\"position\":3,\"name\":\"Pelo &#038; Derme Gold 30\"}]},{\"@type\":\"WebSite\",\"@id\":\"https:\/\/sadenir.com.uy\/vetnil\/#website\",\"url\":\"https:\/\/sadenir.com.uy\/vetnil\/\",\"name\":\"Vetnil\",\"description\":\"Excelencia en nutrici\u00f3n\",\"potentialAction\":[{\"@type\":\"SearchAction\",\"target\":{\"@type\":\"EntryPoint\",\"urlTemplate\":\"https:\/\/sadenir.com.uy\/vetnil\/?s={search_term_string}\"},\"query-input\":{\"@type\":\"PropertyValueSpecification\",\"valueRequired\":true,\"valueName\":\"search_term_string\"}}],\"inLanguage\":\"es-AR\"}]}<\/script>\n<!-- \/ Yoast SEO plugin. -->","yoast_head_json":{"title":"Pelo & Derme Gold 30 - Vetnil","robots":{"index":"index","follow":"follow","max-snippet":"max-snippet:-1","max-image-preview":"max-image-preview:large","max-video-preview":"max-video-preview:-1"},"canonical":"https:\/\/sadenir.com.uy\/vetnil\/product\/pelo-derme-gold-30\/","og_locale":"es_ES","og_type":"article","og_title":"Pelo & Derme Gold 30 - Vetnil","og_description":"Suplemento Vitaminico mineral amino\u00e1cido para canes y gatos Los \u00e1cidos grasos esenciales (omega 3 \u2013 omega 6), Biotina y Zinc. &nbsp;","og_url":"https:\/\/sadenir.com.uy\/vetnil\/product\/pelo-derme-gold-30\/","og_site_name":"Vetnil","article_modified_time":"2020-09-28T19:52:32+00:00","og_image":[{"width":801,"height":800,"url":"https:\/\/sadenir.com.uy\/vetnil\/wp-content\/uploads\/sites\/8\/2020\/09\/pelo_derme.jpg","type":"image\/jpeg"}],"twitter_card":"summary_large_image","twitter_misc":{"Tiempo de lectura":"2 minutos"},"schema":{"@context":"https:\/\/schema.org","@graph":[{"@type":"WebPage","@id":"https:\/\/sadenir.com.uy\/vetnil\/product\/pelo-derme-gold-30\/","url":"https:\/\/sadenir.com.uy\/vetnil\/product\/pelo-derme-gold-30\/","name":"Pelo & Derme Gold 30 - Vetnil","isPartOf":{"@id":"https:\/\/sadenir.com.uy\/vetnil\/#website"},"primaryImageOfPage":{"@id":"https:\/\/sadenir.com.uy\/vetnil\/product\/pelo-derme-gold-30\/#primaryimage"},"image":{"@id":"https:\/\/sadenir.com.uy\/vetnil\/product\/pelo-derme-gold-30\/#primaryimage"},"thumbnailUrl":"https:\/\/sadenir.com.uy\/vetnil\/wp-content\/uploads\/sites\/8\/2020\/09\/pelo_derme.jpg","datePublished":"2020-09-28T19:50:51+00:00","dateModified":"2020-09-28T19:52:32+00:00","breadcrumb":{"@id":"https:\/\/sadenir.com.uy\/vetnil\/product\/pelo-derme-gold-30\/#breadcrumb"},"inLanguage":"es-AR","potentialAction":[{"@type":"ReadAction","target":["https:\/\/sadenir.com.uy\/vetnil\/product\/pelo-derme-gold-30\/"]}]},{"@type":"ImageObject","inLanguage":"es-AR","@id":"https:\/\/sadenir.com.uy\/vetnil\/product\/pelo-derme-gold-30\/#primaryimage","url":"https:\/\/sadenir.com.uy\/vetnil\/wp-content\/uploads\/sites\/8\/2020\/09\/pelo_derme.jpg","contentUrl":"https:\/\/sadenir.com.uy\/vetnil\/wp-content\/uploads\/sites\/8\/2020\/09\/pelo_derme.jpg","width":801,"height":800},{"@type":"BreadcrumbList","@id":"https:\/\/sadenir.com.uy\/vetnil\/product\/pelo-derme-gold-30\/#breadcrumb","itemListElement":[{"@type":"ListItem","position":1,"name":"Inicio","item":"https:\/\/sadenir.com.uy\/vetnil\/"},{"@type":"ListItem","position":2,"name":"Productos","item":"https:\/\/sadenir.com.uy\/vetnil\/productos\/"},{"@type":"ListItem","position":3,"name":"Pelo &#038; Derme Gold 30"}]},{"@type":"WebSite","@id":"https:\/\/sadenir.com.uy\/vetnil\/#website","url":"https:\/\/sadenir.com.uy\/vetnil\/","name":"Vetnil","description":"Excelencia en nutrici\u00f3n","potentialAction":[{"@type":"SearchAction","target":{"@type":"EntryPoint","urlTemplate":"https:\/\/sadenir.com.uy\/vetnil\/?s={search_term_string}"},"query-input":{"@type":"PropertyValueSpecification","valueRequired":true,"valueName":"search_term_string"}}],"inLanguage":"es-AR"}]}},"_links":{"self":[{"href":"https:\/\/sadenir.com.uy\/vetnil\/wp-json\/wp\/v2\/product\/6123","targetHints":{"allow":["GET"]}}],"collection":[{"href":"https:\/\/sadenir.com.uy\/vetnil\/wp-json\/wp\/v2\/product"}],"about":[{"href":"https:\/\/sadenir.com.uy\/vetnil\/wp-json\/wp\/v2\/types\/product"}],"wp:featuredmedia":[{"embeddable":true,"href":"https:\/\/sadenir.com.uy\/vetnil\/wp-json\/wp\/v2\/media\/6098"}],"wp:attachment":[{"href":"https:\/\/sadenir.com.uy\/vetnil\/wp-json\/wp\/v2\/media?parent=6123"}],"wp:term":[{"taxonomy":"product_brand","embeddable":true,"href":"https:\/\/sadenir.com.uy\/vetnil\/wp-json\/wp\/v2\/product_brand?post=6123"},{"taxonomy":"product_cat","embeddable":true,"href":"https:\/\/sadenir.com.uy\/vetnil\/wp-json\/wp\/v2\/product_cat?post=6123"},{"taxonomy":"product_tag","embeddable":true,"href":"https:\/\/sadenir.com.uy\/vetnil\/wp-json\/wp\/v2\/product_tag?post=6123"}],"curies":[{"name":"wp","href":"https:\/\/api.w.org\/{rel}","templated":true}]}}